{"id":748,"date":"2023-12-01T14:26:26","date_gmt":"2023-12-01T20:26:26","guid":{"rendered":"https:\/\/www.ucc.edu.ni\/boletininformativo\/?page_id=748"},"modified":"2023-12-01T14:26:26","modified_gmt":"2023-12-01T20:26:26","slug":"octubre-2023-2","status":"publish","type":"page","link":"https:\/\/www.ucc.edu.ni\/boletininformativo\/octubre-2023-2\/","title":{"rendered":"OCTUBRE 2023"},"content":{"rendered":"<ul class=\"wp-block-latest-posts__list is-grid columns-3 wp-block-latest-posts\"><li><div class=\"wp-block-latest-posts__featured-image\"><img loading=\"lazy\" decoding=\"async\" width=\"150\" height=\"150\" src=\"https:\/\/www.ucc.edu.ni\/boletininformativo\/php_assets\/uploads\/2023\/10\/Curso-a-EPN-150x150.jpeg\" class=\"attachment-thumbnail size-thumbnail wp-post-image\" alt=\"\" style=\"\" \/><\/div><a class=\"wp-block-latest-posts__post-title\" href=\"https:\/\/www.ucc.edu.ni\/boletininformativo\/proyeccion-social\/gerentes-y-directores-de-epn-reciben-curso-de-ucc\/\">Gerentes y Directores de EPN reciben Curso de UCC<\/a><div class=\"wp-block-latest-posts__post-excerpt\">La Universidad de Ciencias Comerciales UCC, desarroll\u00f3 el curso Especializado de Liderazgo y Trabajo en Equipo, dirigido a 16 colaboradores&hellip; <\/div><\/li>\n<li><div class=\"wp-block-latest-posts__featured-image\"><img loading=\"lazy\" decoding=\"async\" width=\"150\" height=\"150\" src=\"https:\/\/www.ucc.edu.ni\/boletininformativo\/php_assets\/uploads\/2023\/10\/Curso-JAVA-150x150.jpg\" class=\"attachment-thumbnail size-thumbnail wp-post-image\" alt=\"\" style=\"\" \/><\/div><a class=\"wp-block-latest-posts__post-title\" href=\"https:\/\/www.ucc.edu.ni\/boletininformativo\/docencia\/aprendiendo-sobre-java-en-campus-leon\/\">Aprendiendo sobre Java en Campus Le\u00f3n<\/a><div class=\"wp-block-latest-posts__post-excerpt\">La Coordinaci\u00f3n de Arquitectura, Dise\u00f1o Gr\u00e1fico Publicitario e Ingenier\u00eda en Sistemas, de la Universidad de Ciencias Comerciales UCC, Campus Le\u00f3n&hellip; <\/div><\/li>\n<li><div class=\"wp-block-latest-posts__featured-image\"><img loading=\"lazy\" decoding=\"async\" width=\"150\" height=\"150\" src=\"https:\/\/www.ucc.edu.ni\/boletininformativo\/php_assets\/uploads\/2023\/10\/Feria-del-Empleo-UCC-2023-150x150.jpeg\" class=\"attachment-thumbnail size-thumbnail wp-post-image\" alt=\"\" style=\"\" \/><\/div><a class=\"wp-block-latest-posts__post-title\" href=\"https:\/\/www.ucc.edu.ni\/boletininformativo\/proyeccion-social\/feria-del-empleo-ucc-2023\/\">Feria del Empleo UCC 2023<\/a><div class=\"wp-block-latest-posts__post-excerpt\">La Octava Feria del Empleo 2023, \u201cAbrimos puertas, Creamos oportunidades&#8221;, de la Universidad de Ciencias Comerciales UCC, cont\u00f3 este a\u00f1o&hellip; <\/div><\/li>\n<li><div class=\"wp-block-latest-posts__featured-image\"><img loading=\"lazy\" decoding=\"async\" width=\"150\" height=\"150\" src=\"https:\/\/www.ucc.edu.ni\/boletininformativo\/php_assets\/uploads\/2023\/10\/Verificacion-de-Evidencias-150x150.jpeg\" class=\"attachment-thumbnail size-thumbnail wp-post-image\" alt=\"\" style=\"\" \/><\/div><a class=\"wp-block-latest-posts__post-title\" href=\"https:\/\/www.ucc.edu.ni\/boletininformativo\/docencia\/finaliza-proceso-de-verificacion-de-evidencias\/\">Finaliza Proceso de Verificaci\u00f3n de Evidencias<\/a><div class=\"wp-block-latest-posts__post-excerpt\">Finaliz\u00f3 el Proceso de Verificaci\u00f3n de Evidencias, del Plan de Mejora 2022-2023, de la Universidad de Ciencias Comerciales UCC, en&hellip; <\/div><\/li>\n<li><div class=\"wp-block-latest-posts__featured-image\"><img loading=\"lazy\" decoding=\"async\" width=\"150\" height=\"150\" src=\"https:\/\/www.ucc.edu.ni\/boletininformativo\/php_assets\/uploads\/2023\/10\/Certamen-de-belleza-150x150.jpg\" class=\"attachment-thumbnail size-thumbnail wp-post-image\" alt=\"\" style=\"\" \/><\/div><a class=\"wp-block-latest-posts__post-title\" href=\"https:\/\/www.ucc.edu.ni\/boletininformativo\/proyeccion-social\/edecanes-de-ucc-campus-matagalpa-participan-en-certamen-de-belleza\/\">Edecanes de UCC Campus Matagalpa participan en Certamen de belleza<\/a><div class=\"wp-block-latest-posts__post-excerpt\">La Universidad de Ciencias Comerciales, UCC Campus Matagalpa, a trav\u00e9s del equipo de protocolo particip\u00f3 en el certamen de belleza&hellip; <\/div><\/li>\n<li><div class=\"wp-block-latest-posts__featured-image\"><img loading=\"lazy\" decoding=\"async\" width=\"150\" height=\"150\" src=\"https:\/\/www.ucc.edu.ni\/boletininformativo\/php_assets\/uploads\/2023\/10\/Copa-UCC-2023-1-150x150.jpeg\" class=\"attachment-thumbnail size-thumbnail wp-post-image\" alt=\"\" style=\"\" \/><\/div><a class=\"wp-block-latest-posts__post-title\" href=\"https:\/\/www.ucc.edu.ni\/boletininformativo\/bienestar-universitario\/finaliza-copa-ucc-2023\/\">Finaliza Copa UCC 2023<\/a><div class=\"wp-block-latest-posts__post-excerpt\">Este jueves 12 de octubre, finaliz\u00f3 la Copa UCC 2023, organizada por el \u00e1rea de Deporte, a trav\u00e9s de la&hellip; <\/div><\/li>\n<li><div class=\"wp-block-latest-posts__featured-image\"><img loading=\"lazy\" decoding=\"async\" width=\"150\" height=\"150\" src=\"https:\/\/www.ucc.edu.ni\/boletininformativo\/php_assets\/uploads\/2023\/10\/Jornada-Veterinaria-150x150.jpeg\" class=\"attachment-thumbnail size-thumbnail wp-post-image\" alt=\"\" style=\"\" \/><\/div><a class=\"wp-block-latest-posts__post-title\" href=\"https:\/\/www.ucc.edu.ni\/boletininformativo\/docencia\/exitosa-jornada-veterinaria-en-nindiri\/\">Exitosa Jornada Veterinaria en Nindir\u00ed<\/a><div class=\"wp-block-latest-posts__post-excerpt\">Un total de 89 animales entre caninos, felinos, equinos, aves y conejos, fueron atendidos el Parque Central del Municipio de&hellip; <\/div><\/li>\n<li><div class=\"wp-block-latest-posts__featured-image\"><img loading=\"lazy\" decoding=\"async\" width=\"150\" height=\"150\" src=\"https:\/\/www.ucc.edu.ni\/boletininformativo\/php_assets\/uploads\/2023\/10\/Curso-Ofimatica-150x150.jpeg\" class=\"attachment-thumbnail size-thumbnail wp-post-image\" alt=\"\" style=\"\" \/><\/div><a class=\"wp-block-latest-posts__post-title\" href=\"https:\/\/www.ucc.edu.ni\/boletininformativo\/docencia\/inicia-curso-de-ofimatica\/\">Inicia Curso de Ofim\u00e1tica<\/a><div class=\"wp-block-latest-posts__post-excerpt\">Con la participaci\u00f3n de 15 estudiantes del turno Diurno, inici\u00f3 el curso de Ofim\u00e1tica de la Universidad de Comerciales UCC,&hellip; <\/div><\/li>\n<li><div class=\"wp-block-latest-posts__featured-image\"><img loading=\"lazy\" decoding=\"async\" width=\"150\" height=\"150\" src=\"https:\/\/www.ucc.edu.ni\/boletininformativo\/php_assets\/uploads\/2023\/10\/Charla-150x150.jpeg\" class=\"attachment-thumbnail size-thumbnail wp-post-image\" alt=\"\" style=\"\" \/><\/div><a class=\"wp-block-latest-posts__post-title\" href=\"https:\/\/www.ucc.edu.ni\/boletininformativo\/gestion-institucional\/ofrecen-charla-con-dinamicas-interactivas\/\">Ofrecen Charla con Din\u00e1micas Interactivas<\/a><div class=\"wp-block-latest-posts__post-excerpt\">Estudiantes de las diferentes carreras, del turno Diurno, de la Universidad de Ciencias Comerciales UCC, Sede Central Managua, participaron en&hellip; <\/div><\/li>\n<li><div class=\"wp-block-latest-posts__featured-image\"><img loading=\"lazy\" decoding=\"async\" width=\"150\" height=\"150\" src=\"https:\/\/www.ucc.edu.ni\/boletininformativo\/php_assets\/uploads\/2023\/10\/Conferencia-150x150.jpeg\" class=\"attachment-thumbnail size-thumbnail wp-post-image\" alt=\"\" style=\"\" \/><\/div><a class=\"wp-block-latest-posts__post-title\" href=\"https:\/\/www.ucc.edu.ni\/boletininformativo\/docencia\/estudiantes-reciben-conferencia\/\">Estudiantes reciben Conferencia<\/a><div class=\"wp-block-latest-posts__post-excerpt\">Estudiantes de la Coordinaci\u00f3n de Arquitectura, Dise\u00f1o Gr\u00e1fico Publicitario e Ingenier\u00eda en Sistemas, de la Universidad de Ciencias Comerciales UCC,&hellip; <\/div><\/li>\n<li><div class=\"wp-block-latest-posts__featured-image\"><img loading=\"lazy\" decoding=\"async\" width=\"150\" height=\"150\" src=\"https:\/\/www.ucc.edu.ni\/boletininformativo\/php_assets\/uploads\/2023\/10\/Coleccion-bibliografica-150x150.jpeg\" class=\"attachment-thumbnail size-thumbnail wp-post-image\" alt=\"\" style=\"\" \/><\/div><a class=\"wp-block-latest-posts__post-title\" href=\"https:\/\/www.ucc.edu.ni\/boletininformativo\/gestion-institucional\/biblioteca-recibe-nueva-coleccion-bibliografica\/\">Biblioteca recibe nueva Colecci\u00f3n Bibliogr\u00e1fica<\/a><div class=\"wp-block-latest-posts__post-excerpt\">La Biblioteca de la Universidad de Ciencias Comerciales UCC, Sede Central Managua, recibi\u00f3 este viernes una nueva adquisici\u00f3n de libros,&hellip; <\/div><\/li>\n<li><div class=\"wp-block-latest-posts__featured-image\"><img loading=\"lazy\" decoding=\"async\" width=\"150\" height=\"150\" src=\"https:\/\/www.ucc.edu.ni\/boletininformativo\/php_assets\/uploads\/2023\/10\/Aves-Migratorias-150x150.jpeg\" class=\"attachment-thumbnail size-thumbnail wp-post-image\" alt=\"\" style=\"\" \/><\/div><a class=\"wp-block-latest-posts__post-title\" href=\"https:\/\/www.ucc.edu.ni\/boletininformativo\/docencia\/celebran-dia-mundial-de-las-aves-migratorias\/\">Celebran D\u00eda Mundial de las Aves Migratorias<\/a><div class=\"wp-block-latest-posts__post-excerpt\">Las aves migratorias desempe\u00f1an un papel de vital importancia en el medio ambiente y gracias a su existencia en el&hellip; <\/div><\/li>\n<li><div class=\"wp-block-latest-posts__featured-image\"><img loading=\"lazy\" decoding=\"async\" width=\"150\" height=\"150\" src=\"https:\/\/www.ucc.edu.ni\/boletininformativo\/php_assets\/uploads\/2023\/10\/Colegio-San-Luis-Beltran-150x150.jpeg\" class=\"attachment-thumbnail size-thumbnail wp-post-image\" alt=\"\" style=\"\" \/><\/div><a class=\"wp-block-latest-posts__post-title\" href=\"https:\/\/www.ucc.edu.ni\/boletininformativo\/docencia\/ucc-campus-leon-recibe-a-estudiantes-del-colegio-san-luis-beltran\/\">UCC Campus Le\u00f3n recibe a estudiantes del Colegio San Luis Beltr\u00e1n<\/a><div class=\"wp-block-latest-posts__post-excerpt\">La Universidad de Ciencias Comerciales UCC, Campus Le\u00f3n, a trav\u00e9s de la Coordinaci\u00f3n de Arquitectura, Dise\u00f1o Gr\u00e1fico Publicitario e Ingenier\u00eda&hellip; <\/div><\/li>\n<li><div class=\"wp-block-latest-posts__featured-image\"><img loading=\"lazy\" decoding=\"async\" width=\"150\" height=\"150\" src=\"https:\/\/www.ucc.edu.ni\/boletininformativo\/php_assets\/uploads\/2023\/10\/Derecho-150x150.jpeg\" class=\"attachment-thumbnail size-thumbnail wp-post-image\" alt=\"\" style=\"\" \/><\/div><a class=\"wp-block-latest-posts__post-title\" href=\"https:\/\/www.ucc.edu.ni\/boletininformativo\/docencia\/estudiantes-de-derecho-abordan-temas-de-interes\/\">Estudiantes de Derecho abordan temas de Inter\u00e9s<\/a><div class=\"wp-block-latest-posts__post-excerpt\">Estudiantes de la carrera de Derecho, de la Universidad de Ciencias Comerciales UCC, campus Matagalpa, participaron en una mesa redonda&hellip; <\/div><\/li>\n<li><div class=\"wp-block-latest-posts__featured-image\"><img loading=\"lazy\" decoding=\"async\" width=\"150\" height=\"150\" src=\"https:\/\/www.ucc.edu.ni\/boletininformativo\/php_assets\/uploads\/2023\/10\/Normativa-APA-150x150.jpeg\" class=\"attachment-thumbnail size-thumbnail wp-post-image\" alt=\"\" style=\"\" \/><\/div><a class=\"wp-block-latest-posts__post-title\" href=\"https:\/\/www.ucc.edu.ni\/boletininformativo\/docencia\/taller-de-normativa-apa-para-estudiantes-de-quinto-ano\/\">Taller de Normativa APA para Estudiantes de Quinto a\u00f1o<\/a><div class=\"wp-block-latest-posts__post-excerpt\">La Universidad de Ciencias Comerciales UCC, Campus Le\u00f3n, a trav\u00e9s de la Coordinaci\u00f3n de Investigaci\u00f3n, desarroll\u00f3 este viernes 06 de&hellip; <\/div><\/li>\n<li><div class=\"wp-block-latest-posts__featured-image\"><img loading=\"lazy\" decoding=\"async\" width=\"150\" height=\"150\" src=\"https:\/\/www.ucc.edu.ni\/boletininformativo\/php_assets\/uploads\/2023\/10\/Taller-JUDI-150x150.jpeg\" class=\"attachment-thumbnail size-thumbnail wp-post-image\" alt=\"\" style=\"\" \/><\/div><a class=\"wp-block-latest-posts__post-title\" href=\"https:\/\/www.ucc.edu.ni\/boletininformativo\/docencia\/taller-docente-judi-2023\/\">Taller Docente JUDI 2023<\/a><div class=\"wp-block-latest-posts__post-excerpt\">Con la participaci\u00f3n de Vicerrector\u00eda Acad\u00e9mica, Direcciones acad\u00e9micas, Coordinaciones de carreras y docentes de la Universidad de Ciencias Comerciales UCC,&hellip; <\/div><\/li>\n<li><div class=\"wp-block-latest-posts__featured-image\"><img loading=\"lazy\" decoding=\"async\" width=\"150\" height=\"150\" src=\"https:\/\/www.ucc.edu.ni\/boletininformativo\/php_assets\/uploads\/2023\/10\/2-Destacada-150x150.jpeg\" class=\"attachment-thumbnail size-thumbnail wp-post-image\" alt=\"\" style=\"\" \/><\/div><a class=\"wp-block-latest-posts__post-title\" href=\"https:\/\/www.ucc.edu.ni\/boletininformativo\/destacadas\/presentacion-de-mede-en-campus-leon\/\">Presentaci\u00f3n de MEDE en Campus Le\u00f3n<\/a><div class=\"wp-block-latest-posts__post-excerpt\">La Direcci\u00f3n de Postgrado y Educaci\u00f3n Continua de la Universidad de Ciencias Comerciales UCC, present\u00f3 la nueva edici\u00f3n de la&hellip; <\/div><\/li>\n<li><div class=\"wp-block-latest-posts__featured-image\"><img loading=\"lazy\" decoding=\"async\" width=\"150\" height=\"150\" src=\"https:\/\/www.ucc.edu.ni\/boletininformativo\/php_assets\/uploads\/2023\/10\/1-Destacada-150x150.jpeg\" class=\"attachment-thumbnail size-thumbnail wp-post-image\" alt=\"\" style=\"\" \/><\/div><a class=\"wp-block-latest-posts__post-title\" href=\"https:\/\/www.ucc.edu.ni\/boletininformativo\/destacadas\/finaliza-diplomado-de-redes-de-fibra-optica\/\">Finaliza Diplomado de Redes de Fibra \u00d3ptica<\/a><div class=\"wp-block-latest-posts__post-excerpt\">\u201cFue una experiencia enriquecedora, aprendimos contenidos y herramientas \u00fatiles para desarrollarlas eficientemente en nuestras labores\u201d. As\u00ed lo expres\u00f3 Gloria Carri\u00f3n,&hellip; <\/div><\/li>\n<li><div class=\"wp-block-latest-posts__featured-image\"><img loading=\"lazy\" decoding=\"async\" width=\"150\" height=\"150\" src=\"https:\/\/www.ucc.edu.ni\/boletininformativo\/php_assets\/uploads\/2023\/10\/1-Principal-150x150.jpg\" class=\"attachment-thumbnail size-thumbnail wp-post-image\" alt=\"\" style=\"\" \/><\/div><a class=\"wp-block-latest-posts__post-title\" href=\"https:\/\/www.ucc.edu.ni\/boletininformativo\/octubre-2023\/ucc-participa-en-xxxii-congreso-de-conpeht-2023\/\">UCC participa en XXXII Congreso de CONPEHT 2023<\/a><div class=\"wp-block-latest-posts__post-excerpt\">La Presidenta de la Junta de Directores, de la Universidad de Ciencias Comerciales UCC, Nejama Bergman, que en su calidad&hellip; <\/div><\/li>\n<li><div class=\"wp-block-latest-posts__featured-image\"><img loading=\"lazy\" decoding=\"async\" width=\"150\" height=\"150\" src=\"https:\/\/www.ucc.edu.ni\/boletininformativo\/php_assets\/uploads\/2023\/10\/2-Principal-150x150.jpg\" class=\"attachment-thumbnail size-thumbnail wp-post-image\" alt=\"\" style=\"\" \/><\/div><a class=\"wp-block-latest-posts__post-title\" href=\"https:\/\/www.ucc.edu.ni\/boletininformativo\/octubre-2023\/futuros-bachilleres-participan-en-open-house-2023\/\">Futuros Bachilleres participan en Open House 2023<\/a><div class=\"wp-block-latest-posts__post-excerpt\">Con la participaci\u00f3n de 200 estudiantes de quinto a\u00f1o de los colegios Cristiano Verde Sonrisa, Liceo Franciscano, Huerto Dios e&hellip; <\/div><\/li>\n<\/ul>","protected":false},"excerpt":{"rendered":"","protected":false},"author":1,"featured_media":0,"parent":0,"menu_order":0,"comment_status":"closed","ping_status":"closed","template":"","meta":{"footnotes":""},"class_list":["post-748","page","type-page","status-publish","hentry"],"_links":{"self":[{"href":"https:\/\/www.ucc.edu.ni\/boletininformativo\/wp-json\/wp\/v2\/pages\/748","targetHints":{"allow":["GET"]}}],"collection":[{"href":"https:\/\/www.ucc.edu.ni\/boletininformativo\/wp-json\/wp\/v2\/pages"}],"about":[{"href":"https:\/\/www.ucc.edu.ni\/boletininformativo\/wp-json\/wp\/v2\/types\/page"}],"author":[{"embeddable":true,"href":"https:\/\/www.ucc.edu.ni\/boletininformativo\/wp-json\/wp\/v2\/users\/1"}],"replies":[{"embeddable":true,"href":"https:\/\/www.ucc.edu.ni\/boletininformativo\/wp-json\/wp\/v2\/comments?post=748"}],"version-history":[{"count":1,"href":"https:\/\/www.ucc.edu.ni\/boletininformativo\/wp-json\/wp\/v2\/pages\/748\/revisions"}],"predecessor-version":[{"id":749,"href":"https:\/\/www.ucc.edu.ni\/boletininformativo\/wp-json\/wp\/v2\/pages\/748\/revisions\/749"}],"wp:attachment":[{"href":"https:\/\/www.ucc.edu.ni\/boletininformativo\/wp-json\/wp\/v2\/media?parent=748"}],"curies":[{"name":"wp","href":"https:\/\/api.w.org\/{rel}","templated":true}]}}