{"id":35,"date":"2023-03-29T11:25:04","date_gmt":"2023-03-29T17:25:04","guid":{"rendered":"https:\/\/www.ucc.edu.ni\/boletininformativo\/?page_id=35"},"modified":"2023-04-29T10:59:34","modified_gmt":"2023-04-29T16:59:34","slug":"editorial","status":"publish","type":"page","link":"https:\/\/www.ucc.edu.ni\/boletininformativo\/editorial\/","title":{"rendered":"EDITORIAL"},"content":{"rendered":"\n<div class=\"wp-block-columns is-layout-flex wp-container-core-columns-is-layout-1 wp-block-columns-is-layout-flex\">\n<div class=\"wp-block-column is-layout-flow wp-block-column-is-layout-flow\" style=\"flex-basis:66.66%\">\n<p><strong>\u00a1Enhorabuena!<\/strong><\/p>\n\n\n\n<p>Las universidades son creadoras de pensamiento; fomentan el desarrollo de habilidades cr\u00edticas y anal\u00edticas en los estudiantes; de igual forma, promueven la investigaci\u00f3n y el descubrimiento de nuevos conocimientos.<\/p>\n\n\n\n<p>Ante esa realidad, es prioritario la creaci\u00f3n de diversos medios de comunicaci\u00f3n universitarios, que permitan informar y exponer art\u00edculos de inter\u00e9s para la comunidad educativa. Celebramos la reapertura del Bolet\u00edn Informativo \u201cUCC en la Noticia\u201d, espacio que divulgar\u00e1 los acontecimientos m\u00e1s importantes de nuestra alma mater, las agendas informativas e historias inspiradoras de estudiantes, maestros y profesionales.<\/p>\n\n\n\n<p>La participaci\u00f3n de nuestra comunidad educativa en la creaci\u00f3n y publicaci\u00f3n del Bolet\u00edn Informativo, es fundamental para asegurar que las noticias y art\u00edculos sean relevantes y representativos; adem\u00e1s, servir como una plataforma para fomentar el debate y la discusi\u00f3n de temas de la educaci\u00f3n universitaria.<\/p>\n\n\n\n<p>Estaremos compartiendo \u201cUCC en la Noticia\u201d, cada mes de forma digital; con la seguridad que, este medio de comunicaci\u00f3n, mantendr\u00e1 informada a nuestra comunidad educativa de la sede central Managua; campus Le\u00f3n y Matagalpa; adem\u00e1s, divulgando nuestro quehacer entre los diversos sectores del pa\u00eds.<\/p>\n\n\n\n<p class=\"has-text-align-left\">Y como lo que no se comunica, no existe, solicitamos a partir de este momento, que se apropien del Bolet\u00edn \u201cUCC en la Noticia\u201d; comp\u00e1rtanlo entre sus amigos, familiares y conocidos. Retroalim\u00e9ntenlo con propuestas de mejora, h\u00e1gannos llegar sus art\u00edculos de opini\u00f3n, env\u00eden sus cr\u00f3nicas de las giras de campo, las pr\u00e1cticas de familiarizaci\u00f3n, los proyectos y los temas que generen un impacto en la opini\u00f3n p\u00fablica. \u00a1Enhorabuena!<\/p>\n<\/div>\n\n\n\n<div class=\"wp-block-column is-layout-flow wp-block-column-is-layout-flow\" style=\"flex-basis:33.33%\">\n<figure class=\"wp-block-image size-large is-resized\"><img loading=\"lazy\" decoding=\"async\" src=\"https:\/\/www.ucc.edu.ni\/boletininformativo\/php_assets\/uploads\/2023\/04\/Marvin-Jimenez-829x1024.jpg\" alt=\"\" class=\"wp-image-115\" width=\"461\" height=\"570\" srcset=\"https:\/\/www.ucc.edu.ni\/boletininformativo\/php_assets\/uploads\/2023\/04\/Marvin-Jimenez-829x1024.jpg 829w, https:\/\/www.ucc.edu.ni\/boletininformativo\/php_assets\/uploads\/2023\/04\/Marvin-Jimenez-243x300.jpg 243w, https:\/\/www.ucc.edu.ni\/boletininformativo\/php_assets\/uploads\/2023\/04\/Marvin-Jimenez-768x949.jpg 768w, https:\/\/www.ucc.edu.ni\/boletininformativo\/php_assets\/uploads\/2023\/04\/Marvin-Jimenez.jpg 1036w\" sizes=\"auto, (max-width: 461px) 100vw, 461px\" \/><\/figure>\n<\/div>\n<\/div>\n","protected":false},"excerpt":{"rendered":"<p>\u00a1Enhorabuena! Las universidades son creadoras de pensamiento; fomentan el desarrollo de habilidades cr\u00edticas y anal\u00edticas en los estudiantes; de igual forma, promueven la investigaci\u00f3n y el descubrimiento de nuevos conocimientos.&hellip; <\/p>\n","protected":false},"author":1,"featured_media":0,"parent":0,"menu_order":0,"comment_status":"closed","ping_status":"closed","template":"","meta":{"footnotes":""},"class_list":["post-35","page","type-page","status-publish","hentry"],"_links":{"self":[{"href":"https:\/\/www.ucc.edu.ni\/boletininformativo\/wp-json\/wp\/v2\/pages\/35","targetHints":{"allow":["GET"]}}],"collection":[{"href":"https:\/\/www.ucc.edu.ni\/boletininformativo\/wp-json\/wp\/v2\/pages"}],"about":[{"href":"https:\/\/www.ucc.edu.ni\/boletininformativo\/wp-json\/wp\/v2\/types\/page"}],"author":[{"embeddable":true,"href":"https:\/\/www.ucc.edu.ni\/boletininformativo\/wp-json\/wp\/v2\/users\/1"}],"replies":[{"embeddable":true,"href":"https:\/\/www.ucc.edu.ni\/boletininformativo\/wp-json\/wp\/v2\/comments?post=35"}],"version-history":[{"count":3,"href":"https:\/\/www.ucc.edu.ni\/boletininformativo\/wp-json\/wp\/v2\/pages\/35\/revisions"}],"predecessor-version":[{"id":117,"href":"https:\/\/www.ucc.edu.ni\/boletininformativo\/wp-json\/wp\/v2\/pages\/35\/revisions\/117"}],"wp:attachment":[{"href":"https:\/\/www.ucc.edu.ni\/boletininformativo\/wp-json\/wp\/v2\/media?parent=35"}],"curies":[{"name":"wp","href":"https:\/\/api.w.org\/{rel}","templated":true}]}}