{"id":2736,"date":"2026-02-28T16:02:45","date_gmt":"2026-02-28T22:02:45","guid":{"rendered":"https:\/\/www.ucc.edu.ni\/boletininformativo\/?page_id=2736"},"modified":"2026-02-28T16:02:46","modified_gmt":"2026-02-28T22:02:46","slug":"enero-2026-2","status":"publish","type":"page","link":"https:\/\/www.ucc.edu.ni\/boletininformativo\/enero-2026-2\/","title":{"rendered":"ENERO 2026"},"content":{"rendered":"<ul class=\"wp-block-latest-posts__list is-grid columns-3 wp-block-latest-posts\"><li><div class=\"wp-block-latest-posts__featured-image\"><img loading=\"lazy\" decoding=\"async\" width=\"150\" height=\"150\" src=\"https:\/\/www.ucc.edu.ni\/boletininformativo\/php_assets\/uploads\/2026\/01\/Feria-Becas-Universitarias-150x150.jpg\" class=\"attachment-thumbnail size-thumbnail wp-post-image\" alt=\"\" style=\"\" \/><\/div><a class=\"wp-block-latest-posts__post-title\" href=\"https:\/\/www.ucc.edu.ni\/boletininformativo\/docencia\/ucc-participa-en-la-novena-feria-nacional-de-becas-universitarias\/\">UCC participa en la Novena Feria Nacional de Becas Universitarias<\/a><div class=\"wp-block-latest-posts__post-excerpt\">Miles de j\u00f3venes provenientes de los diferentes departamentos del pa\u00eds se dieron cita este s\u00e1bado 17 de enero en el Centro de Convenciones Olof Palme en Managua, para optar a&hellip; <\/div><\/li>\n<li><div class=\"wp-block-latest-posts__featured-image\"><img loading=\"lazy\" decoding=\"async\" width=\"1\" height=\"1\" src=\"https:\/\/www.ucc.edu.ni\/boletininformativo\/php_assets\/uploads\/2026\/01\/Homenaje-a-Dario.jpg\" class=\"attachment-thumbnail size-thumbnail wp-post-image\" alt=\"\" style=\"\" \/><\/div><a class=\"wp-block-latest-posts__post-title\" href=\"https:\/\/www.ucc.edu.ni\/boletininformativo\/docencia\/ucc-rinde-homenaje-al-legado-literario-y-cultural-de-dario\/\">UCC rinde Homenaje al legado Literario y Cultural de Dar\u00edo<\/a><div class=\"wp-block-latest-posts__post-excerpt\">En el marco del Ciclo de Conferencias Nacionales \u201cDar\u00edo, el eterno maestro\u201d, la Universidad de Ciencias Comerciales (UCC), Sede Central Managua, a trav\u00e9s de la Direcci\u00f3n de Pregrado y Grado,&hellip; <\/div><\/li>\n<li><div class=\"wp-block-latest-posts__featured-image\"><img loading=\"lazy\" decoding=\"async\" width=\"150\" height=\"82\" src=\"https:\/\/www.ucc.edu.ni\/boletininformativo\/php_assets\/uploads\/2026\/01\/Exito-Academico-scaled.jpg\" class=\"attachment-thumbnail size-thumbnail wp-post-image\" alt=\"\" style=\"\" srcset=\"https:\/\/www.ucc.edu.ni\/boletininformativo\/php_assets\/uploads\/2026\/01\/Exito-Academico-scaled.jpg 2560w, https:\/\/www.ucc.edu.ni\/boletininformativo\/php_assets\/uploads\/2026\/01\/Exito-Academico-300x164.jpg 300w\" sizes=\"auto, (max-width: 150px) 100vw, 150px\" \/><\/div><a class=\"wp-block-latest-posts__post-title\" href=\"https:\/\/www.ucc.edu.ni\/boletininformativo\/docencia\/preparando-a-los-estudiantes-para-el-exito-academico\/\">Preparando a los Estudiantes para el \u00e9xito Acad\u00e9mico<\/a><div class=\"wp-block-latest-posts__post-excerpt\">Contin\u00faa desarroll\u00e1ndose de forma exitosa en la Universidad de Ciencias Comerciales (UCC), Sede Central Managua, el Curso de Ambientaci\u00f3n Universitaria (CAU), donde los estudiantes de nuevo ingreso del turno diurno&hellip; <\/div><\/li>\n<li><div class=\"wp-block-latest-posts__featured-image\"><img loading=\"lazy\" decoding=\"async\" width=\"150\" height=\"150\" src=\"https:\/\/www.ucc.edu.ni\/boletininformativo\/php_assets\/uploads\/2026\/01\/Atencion-Integral-150x150.jpg\" class=\"attachment-thumbnail size-thumbnail wp-post-image\" alt=\"\" style=\"\" \/><\/div><a class=\"wp-block-latest-posts__post-title\" href=\"https:\/\/www.ucc.edu.ni\/boletininformativo\/docencia\/capacitacion-fortalece-la-atencion-integral-en-la-ucc\/\">Capacitaci\u00f3n fortalece la Atenci\u00f3n integral en la UCC<\/a><div class=\"wp-block-latest-posts__post-excerpt\">Con el objetivo de brindar informaci\u00f3n de manera clara, oportuna y asertiva, el pasado martes 27 de enero la Universidad de Ciencias Comerciales (UCC), Campus Matagalpa, realiz\u00f3 una capacitaci\u00f3n dirigida&hellip; <\/div><\/li>\n<li><div class=\"wp-block-latest-posts__featured-image\"><img loading=\"lazy\" decoding=\"async\" width=\"150\" height=\"150\" src=\"https:\/\/www.ucc.edu.ni\/boletininformativo\/php_assets\/uploads\/2026\/01\/Planeacion-Didactica-150x150.jpg\" class=\"attachment-thumbnail size-thumbnail wp-post-image\" alt=\"\" style=\"\" \/><\/div><a class=\"wp-block-latest-posts__post-title\" href=\"https:\/\/www.ucc.edu.ni\/boletininformativo\/docencia\/capacitacion-docente-en-planeacion-didactica\/\">Capacitaci\u00f3n Docente en Planeaci\u00f3n Did\u00e1ctica<\/a><div class=\"wp-block-latest-posts__post-excerpt\">El pasado 22 de enero, la Universidad de Ciencias Comerciales (UCC), Campus Matagalpa, a trav\u00e9s de la Asesor\u00eda Metodol\u00f3gica, desarroll\u00f3 una capacitaci\u00f3n dirigida los maestros de nuevo ingreso programados para&hellip; <\/div><\/li>\n<li><div class=\"wp-block-latest-posts__featured-image\"><img loading=\"lazy\" decoding=\"async\" width=\"150\" height=\"150\" src=\"https:\/\/www.ucc.edu.ni\/boletininformativo\/php_assets\/uploads\/2026\/01\/Creatividad-e-Innovacion-150x150.png\" class=\"attachment-thumbnail size-thumbnail wp-post-image\" alt=\"\" style=\"\" \/><\/div><a class=\"wp-block-latest-posts__post-title\" href=\"https:\/\/www.ucc.edu.ni\/boletininformativo\/docencia\/creatividad-e-innovacion-2\/\">Creatividad e Innovaci\u00f3n<\/a><div class=\"wp-block-latest-posts__post-excerpt\">Este martes 27 de enero se desarroll\u00f3 en la Universidad de Ciencias Comerciales (UCC), campus Le\u00f3n, el segundo d\u00eda del Curso de Ambientaci\u00f3n Universitaria dirigido a los estudiantes de primer&hellip; <\/div><\/li>\n<li><div class=\"wp-block-latest-posts__featured-image\"><img loading=\"lazy\" decoding=\"async\" width=\"150\" height=\"150\" src=\"https:\/\/www.ucc.edu.ni\/boletininformativo\/php_assets\/uploads\/2026\/01\/Trabajo-en-Equipo-150x150.jpg\" class=\"attachment-thumbnail size-thumbnail wp-post-image\" alt=\"\" style=\"\" \/><\/div><a class=\"wp-block-latest-posts__post-title\" href=\"https:\/\/www.ucc.edu.ni\/boletininformativo\/docencia\/creatividad-y-trabajo-en-equipo-marcan-el-segundo-dia-del-cau\/\">Creatividad y trabajo en Equipo marcan el Segundo d\u00eda del CAU<\/a><div class=\"wp-block-latest-posts__post-excerpt\">Este martes 27 de enero, la Universidad de Ciencias Comerciales (UCC), campus Matagalpa, llev\u00f3 a cabo de manera exitosa el segundo d\u00eda del Curso de Ambientaci\u00f3n Universitaria, orientado a los&hellip; <\/div><\/li>\n<li><div class=\"wp-block-latest-posts__featured-image\"><img loading=\"lazy\" decoding=\"async\" width=\"150\" height=\"150\" src=\"https:\/\/www.ucc.edu.ni\/boletininformativo\/php_assets\/uploads\/2026\/01\/Capacitacion-Docente-LEON-150x150.png\" class=\"attachment-thumbnail size-thumbnail wp-post-image\" alt=\"\" style=\"\" \/><\/div><a class=\"wp-block-latest-posts__post-title\" href=\"https:\/\/www.ucc.edu.ni\/boletininformativo\/docencia\/capacitacion-docente-impulsando-la-excelencia-academica\/\">Capacitaci\u00f3n Docente impulsando la Excelencia Acad\u00e9mica<\/a><div class=\"wp-block-latest-posts__post-excerpt\">Con el prop\u00f3sito de fortalecer el desempe\u00f1o docente y garantizar la calidad educativa, maestros programados para impartir clases en el turno diurno de la Universidad de Ciencias Comerciales (UCC), Campus&hellip; <\/div><\/li>\n<li><div class=\"wp-block-latest-posts__featured-image\"><img loading=\"lazy\" decoding=\"async\" width=\"150\" height=\"150\" src=\"https:\/\/www.ucc.edu.ni\/boletininformativo\/php_assets\/uploads\/2026\/01\/Activacion-CAU-150x150.jpg\" class=\"attachment-thumbnail size-thumbnail wp-post-image\" alt=\"\" style=\"\" \/><\/div><a class=\"wp-block-latest-posts__post-title\" href=\"https:\/\/www.ucc.edu.ni\/boletininformativo\/docencia\/estudiantes-disfrutan-activacion-durante-el-cau\/\">Estudiantes disfrutan activaci\u00f3n durante el CAU<\/a><div class=\"wp-block-latest-posts__post-excerpt\">En el marco del Curso de Ambientaci\u00f3n Universitaria (CAU), los estudiantes de nuevo ingreso del turno Diurno de la Universidad de Ciencias Comerciales (UCC), Sede Central Managua, participaron en un&hellip; <\/div><\/li>\n<li><div class=\"wp-block-latest-posts__featured-image\"><img loading=\"lazy\" decoding=\"async\" width=\"150\" height=\"150\" src=\"https:\/\/www.ucc.edu.ni\/boletininformativo\/php_assets\/uploads\/2026\/01\/Practicas-150x150.jpg\" class=\"attachment-thumbnail size-thumbnail wp-post-image\" alt=\"\" style=\"\" \/><\/div><a class=\"wp-block-latest-posts__post-title\" href=\"https:\/\/www.ucc.edu.ni\/boletininformativo\/docencia\/practica-de-mantenimiento-de-computadoras\/\">Pr\u00e1ctica de mantenimiento de Computadoras<\/a><div class=\"wp-block-latest-posts__post-excerpt\">Como parte del fortalecimiento de la formaci\u00f3n aplicada, estudiantes de segundo a\u00f1o de la carrera de Ingenier\u00eda en Inform\u00e1tica y Telecomunicaciones de la Universidad de Ciencias Comerciales (UCC), Sede Central&hellip; <\/div><\/li>\n<li><div class=\"wp-block-latest-posts__featured-image\"><img loading=\"lazy\" decoding=\"async\" width=\"150\" height=\"150\" src=\"https:\/\/www.ucc.edu.ni\/boletininformativo\/php_assets\/uploads\/2026\/01\/Congreso-Internacional-de-Derecho-150x150.png\" class=\"attachment-thumbnail size-thumbnail wp-post-image\" alt=\"\" style=\"\" \/><\/div><a class=\"wp-block-latest-posts__post-title\" href=\"https:\/\/www.ucc.edu.ni\/boletininformativo\/docencia\/reunion-informativa-aborda-congreso-internacional-de-derecho\/\">Reuni\u00f3n informativa aborda Congreso Internacional de Derecho<\/a><div class=\"wp-block-latest-posts__post-excerpt\">La Universidad de Ciencias Comerciales (UCC), Campus Le\u00f3n, a trav\u00e9s de la Coordinaci\u00f3n de Ciencias Econ\u00f3micas Empresariales, particip\u00f3 en una reuni\u00f3n informativa virtual sobre el Primer Congreso Internacional de Derechos&hellip; <\/div><\/li>\n<li><div class=\"wp-block-latest-posts__featured-image\"><img loading=\"lazy\" decoding=\"async\" width=\"150\" height=\"150\" src=\"https:\/\/www.ucc.edu.ni\/boletininformativo\/php_assets\/uploads\/2026\/01\/Proyectos-Sociales-150x150.jpg\" class=\"attachment-thumbnail size-thumbnail wp-post-image\" alt=\"\" style=\"\" \/><\/div><a class=\"wp-block-latest-posts__post-title\" href=\"https:\/\/www.ucc.edu.ni\/boletininformativo\/proyeccion-social\/vinculacion-de-proyectos-sociales\/\">Vinculaci\u00f3n de Proyectos Sociales<\/a><div class=\"wp-block-latest-posts__post-excerpt\">Con el objetivo de fortalecer la vinculaci\u00f3n social y generar espacios de aprendizaje para los estudiantes, la Universidad de Ciencias Comerciales (UCC), a trav\u00e9s de la Coordinaci\u00f3n de Proyecci\u00f3n Social,&hellip; <\/div><\/li>\n<li><div class=\"wp-block-latest-posts__featured-image\"><img loading=\"lazy\" decoding=\"async\" width=\"150\" height=\"150\" src=\"https:\/\/www.ucc.edu.ni\/boletininformativo\/php_assets\/uploads\/2026\/01\/Trabajo-colaborativo-150x150.jpg\" class=\"attachment-thumbnail size-thumbnail wp-post-image\" alt=\"\" style=\"\" \/><\/div><a class=\"wp-block-latest-posts__post-title\" href=\"https:\/\/www.ucc.edu.ni\/boletininformativo\/docencia\/fortaleciendo-el-trabajo-colaborativo\/\">Fortaleciendo el trabajo Colaborativo<\/a><div class=\"wp-block-latest-posts__post-excerpt\">Con el objetivo de informar, homologar procesos y fortalecer un ambiente colaborativo, este jueves 15 de enero en la Universidad de Ciencias Comerciales (UCC), Campus Matagalpa, se realiz\u00f3 un desayuno&hellip; <\/div><\/li>\n<li><div class=\"wp-block-latest-posts__featured-image\"><img loading=\"lazy\" decoding=\"async\" width=\"150\" height=\"150\" src=\"https:\/\/www.ucc.edu.ni\/boletininformativo\/php_assets\/uploads\/2026\/01\/Futuros-Ingenieros-150x150.jpg\" class=\"attachment-thumbnail size-thumbnail wp-post-image\" alt=\"\" style=\"\" \/><\/div><a class=\"wp-block-latest-posts__post-title\" href=\"https:\/\/www.ucc.edu.ni\/boletininformativo\/docencia\/futuros-ingenieros-refuerzan-conocimientos\/\">Futuros Ingenieros refuerzan Conocimientos<\/a><div class=\"wp-block-latest-posts__post-excerpt\">Como parte del fortalecimiento de la formaci\u00f3n pr\u00e1ctica, estudiantes de segundo y tercer a\u00f1o de la carrera de Ingenier\u00eda en Inform\u00e1tica y Telecomunicaciones de la Universidad de Ciencias Comerciales (UCC),&hellip; <\/div><\/li>\n<li><div class=\"wp-block-latest-posts__featured-image\"><img loading=\"lazy\" decoding=\"async\" width=\"150\" height=\"150\" src=\"https:\/\/www.ucc.edu.ni\/boletininformativo\/php_assets\/uploads\/2026\/01\/Higiene-y-Seguridad-150x150.png\" class=\"attachment-thumbnail size-thumbnail wp-post-image\" alt=\"\" style=\"\" \/><\/div><a class=\"wp-block-latest-posts__post-title\" href=\"https:\/\/www.ucc.edu.ni\/boletininformativo\/gestion-institucional\/higiene-y-seguridad-en-accion\/\">Higiene y Seguridad en Acci\u00f3n<\/a><div class=\"wp-block-latest-posts__post-excerpt\">El pasado martes 27 de enero, la Universidad de Ciencias Comerciales (UCC), Campus Le\u00f3n a trav\u00e9s del \u00e1rea de Higiene y Seguridad, realiz\u00f3 una reuni\u00f3n informativa en la Coordinaci\u00f3n de&hellip; <\/div><\/li>\n<li><div class=\"wp-block-latest-posts__featured-image\"><img loading=\"lazy\" decoding=\"async\" width=\"150\" height=\"150\" src=\"https:\/\/www.ucc.edu.ni\/boletininformativo\/php_assets\/uploads\/2026\/01\/Contenidos-Web-UCC-150x150.jpg\" class=\"attachment-thumbnail size-thumbnail wp-post-image\" alt=\"\" style=\"\" \/><\/div><a class=\"wp-block-latest-posts__post-title\" href=\"https:\/\/www.ucc.edu.ni\/boletininformativo\/proyeccion-social\/reunion-de-trabajo-fortalece-contenidos-del-sitio-web-ucc\/\">Reuni\u00f3n de trabajo fortalece Contenidos del Sitio Web UCC<\/a><div class=\"wp-block-latest-posts__post-excerpt\">Con el objetivo de generar propuestas de mejora y fortalecer los canales de informaci\u00f3n de la Universidad de Ciencias Comerciales UCC, este jueves 22 de enero se desarroll\u00f3 una reuni\u00f3n&hellip; <\/div><\/li>\n<li><div class=\"wp-block-latest-posts__featured-image\"><img loading=\"lazy\" decoding=\"async\" width=\"150\" height=\"94\" src=\"https:\/\/www.ucc.edu.ni\/boletininformativo\/php_assets\/uploads\/2026\/01\/Nuevo-Ingreso-Matagalpa.jpg\" class=\"attachment-thumbnail size-thumbnail wp-post-image\" alt=\"\" style=\"\" srcset=\"https:\/\/www.ucc.edu.ni\/boletininformativo\/php_assets\/uploads\/2026\/01\/Nuevo-Ingreso-Matagalpa.jpg 1280w, https:\/\/www.ucc.edu.ni\/boletininformativo\/php_assets\/uploads\/2026\/01\/Nuevo-Ingreso-Matagalpa-300x188.jpg 300w\" sizes=\"auto, (max-width: 150px) 100vw, 150px\" \/><\/div><a class=\"wp-block-latest-posts__post-title\" href=\"https:\/\/www.ucc.edu.ni\/boletininformativo\/destacadas\/curso-de-induccion-orienta-a-estudiantes-de-nuevo-ingreso\/\">Curso de Inducci\u00f3n orienta a Estudiantes de nuevo Ingreso<\/a><div class=\"wp-block-latest-posts__post-excerpt\">La Universidad de Ciencias Comerciales (UCC) Campus Matagalpa, comprometida con la formaci\u00f3n integral y el acompa\u00f1amiento acad\u00e9mico de su comunidad estudiantil, realiz\u00f3 el pasado s\u00e1bado 17 de enero el Curso&hellip; <\/div><\/li>\n<li><div class=\"wp-block-latest-posts__featured-image\"><img loading=\"lazy\" decoding=\"async\" width=\"150\" height=\"150\" src=\"https:\/\/www.ucc.edu.ni\/boletininformativo\/php_assets\/uploads\/2026\/01\/LEON-DOMINICAL-150x150.png\" class=\"attachment-thumbnail size-thumbnail wp-post-image\" alt=\"\" style=\"\" \/><\/div><a class=\"wp-block-latest-posts__post-title\" href=\"https:\/\/www.ucc.edu.ni\/boletininformativo\/destacadas\/ucc-recibe-a-estudiantes-del-turno-dominical-2\/\">UCC recibe a Estudiantes del turno Dominical<\/a><div class=\"wp-block-latest-posts__post-excerpt\">Con mucha alegr\u00eda y compromiso institucional, la Universidad de Ciencias Comerciales (UCC), Campus Le\u00f3n, recibi\u00f3 este domingo 18 de enero a los estudiantes de nuevo ingreso del turno dominical, quienes&hellip; <\/div><\/li>\n<li><div class=\"wp-block-latest-posts__featured-image\"><img loading=\"lazy\" decoding=\"async\" width=\"150\" height=\"150\" src=\"https:\/\/www.ucc.edu.ni\/boletininformativo\/php_assets\/uploads\/2026\/01\/CAU-2026-150x150.jpg\" class=\"attachment-thumbnail size-thumbnail wp-post-image\" alt=\"\" style=\"\" \/><\/div><a class=\"wp-block-latest-posts__post-title\" href=\"https:\/\/www.ucc.edu.ni\/boletininformativo\/enero-2026\/ucc-inicia-curso-de-ambientacion-universitaria-3\/\">UCC Inicia Curso de Ambientaci\u00f3n Universitaria<\/a><div class=\"wp-block-latest-posts__post-excerpt\">Este lunes 26 de enero, los estudiantes de nuevo ingreso del turno diurno de la Universidad de Ciencias Comerciales (UCC), Sede Central Managua, iniciaron con entusiasmo y compromiso el Curso&hellip; <\/div><\/li>\n<li><div class=\"wp-block-latest-posts__featured-image\"><img loading=\"lazy\" decoding=\"async\" width=\"150\" height=\"113\" src=\"https:\/\/www.ucc.edu.ni\/boletininformativo\/php_assets\/uploads\/2026\/01\/UCC_LAFISE-scaled.jpg\" class=\"attachment-thumbnail size-thumbnail wp-post-image\" alt=\"\" style=\"\" srcset=\"https:\/\/www.ucc.edu.ni\/boletininformativo\/php_assets\/uploads\/2026\/01\/UCC_LAFISE-scaled.jpg 2560w, https:\/\/www.ucc.edu.ni\/boletininformativo\/php_assets\/uploads\/2026\/01\/UCC_LAFISE-300x225.jpg 300w\" sizes=\"auto, (max-width: 150px) 100vw, 150px\" \/><\/div><a class=\"wp-block-latest-posts__post-title\" href=\"https:\/\/www.ucc.edu.ni\/boletininformativo\/enero-2026\/ucc-y-grupo-lafise-nicaragua-firman-convenio\/\">UCC y Grupo LAFISE Nicaragua firman Convenio<\/a><div class=\"wp-block-latest-posts__post-excerpt\">La Universidad de Ciencias Comerciales (UCC) y el Grupo LAFISE Nicaragua firmaron un convenio de cooperaci\u00f3n empresarial con el objetivo de fortalecer la formaci\u00f3n acad\u00e9mica, el desarrollo profesional y la&hellip; <\/div><\/li>\n<\/ul>","protected":false},"excerpt":{"rendered":"","protected":false},"author":1,"featured_media":0,"parent":0,"menu_order":0,"comment_status":"closed","ping_status":"closed","template":"","meta":{"footnotes":""},"class_list":["post-2736","page","type-page","status-publish","hentry"],"_links":{"self":[{"href":"https:\/\/www.ucc.edu.ni\/boletininformativo\/wp-json\/wp\/v2\/pages\/2736","targetHints":{"allow":["GET"]}}],"collection":[{"href":"https:\/\/www.ucc.edu.ni\/boletininformativo\/wp-json\/wp\/v2\/pages"}],"about":[{"href":"https:\/\/www.ucc.edu.ni\/boletininformativo\/wp-json\/wp\/v2\/types\/page"}],"author":[{"embeddable":true,"href":"https:\/\/www.ucc.edu.ni\/boletininformativo\/wp-json\/wp\/v2\/users\/1"}],"replies":[{"embeddable":true,"href":"https:\/\/www.ucc.edu.ni\/boletininformativo\/wp-json\/wp\/v2\/comments?post=2736"}],"version-history":[{"count":1,"href":"https:\/\/www.ucc.edu.ni\/boletininformativo\/wp-json\/wp\/v2\/pages\/2736\/revisions"}],"predecessor-version":[{"id":2737,"href":"https:\/\/www.ucc.edu.ni\/boletininformativo\/wp-json\/wp\/v2\/pages\/2736\/revisions\/2737"}],"wp:attachment":[{"href":"https:\/\/www.ucc.edu.ni\/boletininformativo\/wp-json\/wp\/v2\/media?parent=2736"}],"curies":[{"name":"wp","href":"https:\/\/api.w.org\/{rel}","templated":true}]}}