{"id":2596,"date":"2026-01-07T17:02:20","date_gmt":"2026-01-07T23:02:20","guid":{"rendered":"https:\/\/www.ucc.edu.ni\/boletininformativo\/?page_id=2596"},"modified":"2026-01-07T17:02:21","modified_gmt":"2026-01-07T23:02:21","slug":"noviembre-2025-2","status":"publish","type":"page","link":"https:\/\/www.ucc.edu.ni\/boletininformativo\/noviembre-2025-2\/","title":{"rendered":"NOVIEMBRE 2025"},"content":{"rendered":"<ul class=\"wp-block-latest-posts__list is-grid columns-3 wp-block-latest-posts\"><li><div class=\"wp-block-latest-posts__featured-image\"><img loading=\"lazy\" decoding=\"async\" width=\"150\" height=\"100\" src=\"https:\/\/www.ucc.edu.ni\/boletininformativo\/php_assets\/uploads\/2025\/11\/Navidad-2025-scaled.jpg\" class=\"attachment-thumbnail size-thumbnail wp-post-image\" alt=\"\" style=\"\" srcset=\"https:\/\/www.ucc.edu.ni\/boletininformativo\/php_assets\/uploads\/2025\/11\/Navidad-2025-scaled.jpg 2560w, https:\/\/www.ucc.edu.ni\/boletininformativo\/php_assets\/uploads\/2025\/11\/Navidad-2025-300x200.jpg 300w\" sizes=\"auto, (max-width: 150px) 100vw, 150px\" \/><\/div><a class=\"wp-block-latest-posts__post-title\" href=\"https:\/\/www.ucc.edu.ni\/boletininformativo\/docencia\/ucc-da-la-bienvenida-a-la-temporada-navidena\/\">UCC da la Bienvenida a la Temporada Navide\u00f1a<\/a><div class=\"wp-block-latest-posts__post-excerpt\">Bajo un ambiente lleno de uni\u00f3n, armon\u00eda y esp\u00edritu festivo, los colaboradores de las distintas \u00e1reas acad\u00e9micas y administrativas de&hellip; <\/div><\/li>\n<li><div class=\"wp-block-latest-posts__featured-image\"><img loading=\"lazy\" decoding=\"async\" width=\"150\" height=\"150\" src=\"https:\/\/www.ucc.edu.ni\/boletininformativo\/php_assets\/uploads\/2025\/11\/Proteccion-Ambienta-150x150.jpg\" class=\"attachment-thumbnail size-thumbnail wp-post-image\" alt=\"\" style=\"\" \/><\/div><a class=\"wp-block-latest-posts__post-title\" href=\"https:\/\/www.ucc.edu.ni\/boletininformativo\/proyeccion-social\/reconocen-a-ucc-por-iniciativas-de-proteccion-ambiental\/\">Reconocen a UCC por iniciativas de Protecci\u00f3n Ambiental<\/a><div class=\"wp-block-latest-posts__post-excerpt\">La Universidad de Ciencias Comerciales (UCC), particip\u00f3 este jueves 13 de noviembre en el acto de premiaci\u00f3n de Universidades Verdes.&hellip; <\/div><\/li>\n<li><div class=\"wp-block-latest-posts__featured-image\"><img loading=\"lazy\" decoding=\"async\" width=\"150\" height=\"150\" src=\"https:\/\/www.ucc.edu.ni\/boletininformativo\/php_assets\/uploads\/2025\/11\/Moda-Circular-150x150.jpg\" class=\"attachment-thumbnail size-thumbnail wp-post-image\" alt=\"\" style=\"\" \/><\/div><a class=\"wp-block-latest-posts__post-title\" href=\"https:\/\/www.ucc.edu.ni\/boletininformativo\/docencia\/exito-en-la-primera-edicion-de-moda-circular\/\">\u00c9xito en la Primera Edici\u00f3n de Moda Circular<\/a><div class=\"wp-block-latest-posts__post-excerpt\">El pasado 20 de noviembre, la Universidad de Ciencias Comerciales (UCC), Campus Matagalpa, realiz\u00f3 con \u00e9xito la primera edici\u00f3n de&hellip; <\/div><\/li>\n<li><div class=\"wp-block-latest-posts__featured-image\"><img loading=\"lazy\" decoding=\"async\" width=\"150\" height=\"150\" src=\"https:\/\/www.ucc.edu.ni\/boletininformativo\/php_assets\/uploads\/2025\/11\/Congreso-de-CONPEH-150x150.jpg\" class=\"attachment-thumbnail size-thumbnail wp-post-image\" alt=\"\" style=\"\" \/><\/div><a class=\"wp-block-latest-posts__post-title\" href=\"https:\/\/www.ucc.edu.ni\/boletininformativo\/proyeccion-social\/congreso-de-conpeht-una-experiencia-enriquecedora\/\">Congreso de CONPEHT, una experiencia enriquecedora<\/a><div class=\"wp-block-latest-posts__post-excerpt\">Como una experiencia enriquecedora fue catalogada la participaci\u00f3n de la delegaci\u00f3n de la Universidad de Ciencias Comerciales (UCC) de Nicaragua&hellip; <\/div><\/li>\n<li><div class=\"wp-block-latest-posts__featured-image\"><img loading=\"lazy\" decoding=\"async\" width=\"150\" height=\"150\" src=\"https:\/\/www.ucc.edu.ni\/boletininformativo\/php_assets\/uploads\/2025\/11\/Practica-Voceria-150x150.jpeg\" class=\"attachment-thumbnail size-thumbnail wp-post-image\" alt=\"\" style=\"\" \/><\/div><a class=\"wp-block-latest-posts__post-title\" href=\"https:\/\/www.ucc.edu.ni\/boletininformativo\/docencia\/estudiantes-del-dominical-realizan-clase-practica-de-voceria\/\">Estudiantes del Dominical realizan clase pr\u00e1ctica de Vocer\u00eda<\/a><div class=\"wp-block-latest-posts__post-excerpt\">Los estudiantes de la Universidad de Ciencias Comerciales (UCC) desarrollaron, el domingo 17 de noviembre, una clase pr\u00e1ctica de vocer\u00eda&hellip; <\/div><\/li>\n<li><div class=\"wp-block-latest-posts__featured-image\"><img loading=\"lazy\" decoding=\"async\" width=\"150\" height=\"150\" src=\"https:\/\/www.ucc.edu.ni\/boletininformativo\/php_assets\/uploads\/2025\/11\/Diplomado-Seguridad-Laboral-150x150.jpg\" class=\"attachment-thumbnail size-thumbnail wp-post-image\" alt=\"\" style=\"\" \/><\/div><a class=\"wp-block-latest-posts__post-title\" href=\"https:\/\/www.ucc.edu.ni\/boletininformativo\/docencia\/inicia-diplomado-en-seguridad-y-salud-laboral-3\/\">Inicia Diplomado en Seguridad y Salud Laboral<\/a><div class=\"wp-block-latest-posts__post-excerpt\">20 colaboradores de \u00e1reas de higiene y seguridad de diversas empresas e instituciones, iniciaron este domingo 23 de noviembre en&hellip; <\/div><\/li>\n<li><div class=\"wp-block-latest-posts__featured-image\"><img loading=\"lazy\" decoding=\"async\" width=\"150\" height=\"150\" src=\"https:\/\/www.ucc.edu.ni\/boletininformativo\/php_assets\/uploads\/2025\/11\/Actualizacion-Curricular-150x150.jpg\" class=\"attachment-thumbnail size-thumbnail wp-post-image\" alt=\"\" style=\"\" \/><\/div><a class=\"wp-block-latest-posts__post-title\" href=\"https:\/\/www.ucc.edu.ni\/boletininformativo\/docencia\/recta-final-del-proceso-de-actualizacion-curricular\/\">Recta final del Proceso de Actualizaci\u00f3n Curricular<\/a><div class=\"wp-block-latest-posts__post-excerpt\">El equipo acad\u00e9mico de la Universidad de Ciencias Comerciales (UCC), de la Sede Central Managua, Campus Le\u00f3n y Campus Matagalpa,&hellip; <\/div><\/li>\n<li><div class=\"wp-block-latest-posts__featured-image\"><img loading=\"lazy\" decoding=\"async\" width=\"150\" height=\"150\" src=\"https:\/\/www.ucc.edu.ni\/boletininformativo\/php_assets\/uploads\/2025\/11\/Cooperacion-UCC\u2013UNAM-150x150.jpg\" class=\"attachment-thumbnail size-thumbnail wp-post-image\" alt=\"\" style=\"\" \/><\/div><a class=\"wp-block-latest-posts__post-title\" href=\"https:\/\/www.ucc.edu.ni\/boletininformativo\/gestion-institucional\/cooperacion-ucc-unam-busca-fortalecer-oferta-academica\/\">Cooperaci\u00f3n UCC\u2013UNAM busca fortalecer oferta acad\u00e9mica<\/a><div class=\"wp-block-latest-posts__post-excerpt\">En el marco de la reciente renovaci\u00f3n del Convenio de Colaboraci\u00f3n Acad\u00e9mica entre la Universidad de Ciencias Comerciales (UCC) de&hellip; <\/div><\/li>\n<li><div class=\"wp-block-latest-posts__featured-image\"><img loading=\"lazy\" decoding=\"async\" width=\"150\" height=\"150\" src=\"https:\/\/www.ucc.edu.ni\/boletininformativo\/php_assets\/uploads\/2025\/11\/Manuales-150x150.jpg\" class=\"attachment-thumbnail size-thumbnail wp-post-image\" alt=\"\" style=\"\" \/><\/div><a class=\"wp-block-latest-posts__post-title\" href=\"https:\/\/www.ucc.edu.ni\/boletininformativo\/docencia\/presentan-manuales-de-gerencia-empresarial\/\">Presentan manuales de Gerencia Empresarial<\/a><div class=\"wp-block-latest-posts__post-excerpt\">Estudiantes de tercer a\u00f1o de la carrera de Administraci\u00f3n de Empresas de la Universidad de Ciencias Comerciales (UCC), Campus Matagalpa,&hellip; <\/div><\/li>\n<li><div class=\"wp-block-latest-posts__featured-image\"><img loading=\"lazy\" decoding=\"async\" width=\"150\" height=\"113\" src=\"https:\/\/www.ucc.edu.ni\/boletininformativo\/php_assets\/uploads\/2025\/11\/Gestion-Tributaria-scaled.jpg\" class=\"attachment-thumbnail size-thumbnail wp-post-image\" alt=\"\" style=\"\" srcset=\"https:\/\/www.ucc.edu.ni\/boletininformativo\/php_assets\/uploads\/2025\/11\/Gestion-Tributaria-scaled.jpg 2560w, https:\/\/www.ucc.edu.ni\/boletininformativo\/php_assets\/uploads\/2025\/11\/Gestion-Tributaria-300x225.jpg 300w\" sizes=\"auto, (max-width: 150px) 100vw, 150px\" \/><\/div><a class=\"wp-block-latest-posts__post-title\" href=\"https:\/\/www.ucc.edu.ni\/boletininformativo\/docencia\/ucc-clausura-diplomado-en-gestion-tributaria-empresarial\/\">UCC clausura Diplomado en Gesti\u00f3n Tributaria Empresarial<\/a><div class=\"wp-block-latest-posts__post-excerpt\">Un total de 40 profesionales culminaron este s\u00e1bado 22 de noviembre el Diplomado en Gesti\u00f3n Tributaria Empresarial, desarrollado por la&hellip; <\/div><\/li>\n<li><div class=\"wp-block-latest-posts__featured-image\"><img loading=\"lazy\" decoding=\"async\" width=\"150\" height=\"150\" src=\"https:\/\/www.ucc.edu.ni\/boletininformativo\/php_assets\/uploads\/2025\/11\/Proyectos-de-Graduacion-150x150.jpg\" class=\"attachment-thumbnail size-thumbnail wp-post-image\" alt=\"\" style=\"\" \/><\/div><a class=\"wp-block-latest-posts__post-title\" href=\"https:\/\/www.ucc.edu.ni\/boletininformativo\/docencia\/egresados-defienden-con-exito-sus-proyectos-de-graduacion\/\">Egresados defienden con \u00e9xito sus Proyectos de Graduaci\u00f3n<\/a><div class=\"wp-block-latest-posts__post-excerpt\">Con el objetivo de evaluar las competencias, conocimientos y habilidades desarrolladas durante su formaci\u00f3n profesional, la Universidad de Ciencias Comerciales&hellip; <\/div><\/li>\n<li><div class=\"wp-block-latest-posts__featured-image\"><img loading=\"lazy\" decoding=\"async\" width=\"150\" height=\"150\" src=\"https:\/\/www.ucc.edu.ni\/boletininformativo\/php_assets\/uploads\/2025\/11\/Vinculos-Academicos-150x150.jpg\" class=\"attachment-thumbnail size-thumbnail wp-post-image\" alt=\"\" style=\"\" \/><\/div><a class=\"wp-block-latest-posts__post-title\" href=\"https:\/\/www.ucc.edu.ni\/boletininformativo\/gestion-institucional\/ucc-y-unam-fortalecen-vinculos-academicos\/\">UCC y UNAM fortalecen v\u00ednculos Acad\u00e9micos<\/a><div class=\"wp-block-latest-posts__post-excerpt\">La Universidad de Ciencias Comerciales (UCC) y la Universidad Nacional Aut\u00f3noma de M\u00e9xico (UNAM), a trav\u00e9s de su Facultad de&hellip; <\/div><\/li>\n<li><div class=\"wp-block-latest-posts__featured-image\"><img loading=\"lazy\" decoding=\"async\" width=\"150\" height=\"150\" src=\"https:\/\/www.ucc.edu.ni\/boletininformativo\/php_assets\/uploads\/2025\/11\/Diplomados-UCC-150x150.jpg\" class=\"attachment-thumbnail size-thumbnail wp-post-image\" alt=\"\" style=\"\" \/><\/div><a class=\"wp-block-latest-posts__post-title\" href=\"https:\/\/www.ucc.edu.ni\/boletininformativo\/docencia\/mas-de-30-profesionales-culminan-diplomado-en-la-ucc\/\">M\u00e1s de 30 profesionales culminan Diplomado en la UCC<\/a><div class=\"wp-block-latest-posts__post-excerpt\">La Universidad de Ciencias Comerciales (UCC), a trav\u00e9s de la Direcci\u00f3n de Posgrado y Educaci\u00f3n Continua, celebr\u00f3 este domingo 23&hellip; <\/div><\/li>\n<li><div class=\"wp-block-latest-posts__featured-image\"><img loading=\"lazy\" decoding=\"async\" width=\"150\" height=\"150\" src=\"https:\/\/www.ucc.edu.ni\/boletininformativo\/php_assets\/uploads\/2025\/11\/Creatividad-150x150.jpg\" class=\"attachment-thumbnail size-thumbnail wp-post-image\" alt=\"\" style=\"\" \/><\/div><a class=\"wp-block-latest-posts__post-title\" href=\"https:\/\/www.ucc.edu.ni\/boletininformativo\/docencia\/celebrando-las-tradiciones-con-creatividad\/\">Celebrando las Tradiciones con Creatividad<\/a><div class=\"wp-block-latest-posts__post-excerpt\">En el marco de la celebraci\u00f3n del Festival de los Ag\u00fcizotes de Nicaragua, festividad tradicional que se conmemora el \u00faltimo&hellip; <\/div><\/li>\n<li><div class=\"wp-block-latest-posts__featured-image\"><img loading=\"lazy\" decoding=\"async\" width=\"150\" height=\"150\" src=\"https:\/\/www.ucc.edu.ni\/boletininformativo\/php_assets\/uploads\/2025\/11\/Semana-del-Clima-150x150.png\" class=\"attachment-thumbnail size-thumbnail wp-post-image\" alt=\"\" style=\"\" \/><\/div><a class=\"wp-block-latest-posts__post-title\" href=\"https:\/\/www.ucc.edu.ni\/boletininformativo\/docencia\/clausura-la-semana-del-clima-ucc-2025\/\">Clausura la Semana del Clima UCC 2025<\/a><div class=\"wp-block-latest-posts__post-excerpt\">La Universidad de Ciencias Comerciales (UCC), Campus Le\u00f3n a trav\u00e9s de la Coordinaci\u00f3n de Ingenier\u00edas Civil e Industrial, realiz\u00f3 con&hellip; <\/div><\/li>\n<li><div class=\"wp-block-latest-posts__featured-image\"><img loading=\"lazy\" decoding=\"async\" width=\"150\" height=\"150\" src=\"https:\/\/www.ucc.edu.ni\/boletininformativo\/php_assets\/uploads\/2025\/11\/Dia-Bibliotecario-150x150.png\" class=\"attachment-thumbnail size-thumbnail wp-post-image\" alt=\"\" style=\"\" \/><\/div><a class=\"wp-block-latest-posts__post-title\" href=\"https:\/\/www.ucc.edu.ni\/boletininformativo\/docencia\/ucc-campus-leon-celebra-el-dia-del-bibliotecario\/\">UCC Campus Le\u00f3n celebra el d\u00eda del Bibliotecario<\/a><div class=\"wp-block-latest-posts__post-excerpt\">La Universidad de Ciencias Comerciales (UCC), Campus Le\u00f3n, a trav\u00e9s de la Coordinaci\u00f3n de Biblioteca \u201cJos\u00e9 Jir\u00f3n Ter\u00e1n\u201d, celebr\u00f3 este&hellip; <\/div><\/li>\n<li><div class=\"wp-block-latest-posts__featured-image\"><img loading=\"lazy\" decoding=\"async\" width=\"150\" height=\"150\" src=\"https:\/\/www.ucc.edu.ni\/boletininformativo\/php_assets\/uploads\/2025\/11\/UCC-INEJ-150x150.jpg\" class=\"attachment-thumbnail size-thumbnail wp-post-image\" alt=\"\" style=\"\" \/><\/div><a class=\"wp-block-latest-posts__post-title\" href=\"https:\/\/www.ucc.edu.ni\/boletininformativo\/destacadas\/convenio-ucc-inej-fortalecera-la-formacion-juridica-e-investigacion\/\">Convenio UCC-INEJ fortalecer\u00e1 la Formaci\u00f3n Jur\u00eddica e Investigaci\u00f3n<\/a><div class=\"wp-block-latest-posts__post-excerpt\">La Universidad de Ciencias Comerciales (UCC) y el Instituto de Estudio e Investigaci\u00f3n Jur\u00eddica (INEJ), suscribieron este mi\u00e9rcoles 26 de&hellip; <\/div><\/li>\n<li><div class=\"wp-block-latest-posts__featured-image\"><img loading=\"lazy\" decoding=\"async\" width=\"150\" height=\"150\" src=\"https:\/\/www.ucc.edu.ni\/boletininformativo\/php_assets\/uploads\/2025\/11\/Seminario-RRHH-150x150.jpg\" class=\"attachment-thumbnail size-thumbnail wp-post-image\" alt=\"\" style=\"\" \/><\/div><a class=\"wp-block-latest-posts__post-title\" href=\"https:\/\/www.ucc.edu.ni\/boletininformativo\/destacadas\/seminario-destaca-el-papel-estrategico-del-recurso-humano\/\">Seminario destaca el Papel Estrat\u00e9gico del Recurso Humano<\/a><div class=\"wp-block-latest-posts__post-excerpt\">Con la participaci\u00f3n de estudiantes de la Universidad de Ciencias Comerciales (UCC) Sede Central Managua, Campus Le\u00f3n y Campus Matagalpa,&hellip; <\/div><\/li>\n<li><div class=\"wp-block-latest-posts__featured-image\"><img loading=\"lazy\" decoding=\"async\" width=\"150\" height=\"150\" src=\"https:\/\/www.ucc.edu.ni\/boletininformativo\/php_assets\/uploads\/2025\/11\/UCC-UNAM-e1764437410792-150x150.jpg\" class=\"attachment-thumbnail size-thumbnail wp-post-image\" alt=\"\" style=\"\" \/><\/div><a class=\"wp-block-latest-posts__post-title\" href=\"https:\/\/www.ucc.edu.ni\/boletininformativo\/noviembre-2025\/ucc-y-unam-renuevan-convenio-de-colaboracion-academica\/\">UCC y UNAM renuevan Convenio de colaboraci\u00f3n Acad\u00e9mica<\/a><div class=\"wp-block-latest-posts__post-excerpt\">La Universidad de Ciencias Comerciales (UCC) y la Universidad Nacional Aut\u00f3noma de M\u00e9xico (UNAM), a trav\u00e9s de su Facultad de&hellip; <\/div><\/li>\n<li><div class=\"wp-block-latest-posts__featured-image\"><img loading=\"lazy\" decoding=\"async\" width=\"150\" height=\"150\" src=\"https:\/\/www.ucc.edu.ni\/boletininformativo\/php_assets\/uploads\/2025\/11\/Maestria-APC-150x150.jpeg\" class=\"attachment-thumbnail size-thumbnail wp-post-image\" alt=\"\" style=\"\" \/><\/div><a class=\"wp-block-latest-posts__post-title\" href=\"https:\/\/www.ucc.edu.ni\/boletininformativo\/noviembre-2025\/exitosa-defensa-de-proyecto-de-maestria-en-la-apc\/\">Exitosa defensa de Proyecto de Maestr\u00eda en la APC<\/a><div class=\"wp-block-latest-posts__post-excerpt\">El domingo 16 de noviembre de 2025, en las instalaciones de la Administraci\u00f3n Portuaria de Corinto (APC), se realiz\u00f3 la&hellip; <\/div><\/li>\n<\/ul>","protected":false},"excerpt":{"rendered":"","protected":false},"author":1,"featured_media":0,"parent":0,"menu_order":0,"comment_status":"closed","ping_status":"closed","template":"","meta":{"footnotes":""},"class_list":["post-2596","page","type-page","status-publish","hentry"],"_links":{"self":[{"href":"https:\/\/www.ucc.edu.ni\/boletininformativo\/wp-json\/wp\/v2\/pages\/2596","targetHints":{"allow":["GET"]}}],"collection":[{"href":"https:\/\/www.ucc.edu.ni\/boletininformativo\/wp-json\/wp\/v2\/pages"}],"about":[{"href":"https:\/\/www.ucc.edu.ni\/boletininformativo\/wp-json\/wp\/v2\/types\/page"}],"author":[{"embeddable":true,"href":"https:\/\/www.ucc.edu.ni\/boletininformativo\/wp-json\/wp\/v2\/users\/1"}],"replies":[{"embeddable":true,"href":"https:\/\/www.ucc.edu.ni\/boletininformativo\/wp-json\/wp\/v2\/comments?post=2596"}],"version-history":[{"count":1,"href":"https:\/\/www.ucc.edu.ni\/boletininformativo\/wp-json\/wp\/v2\/pages\/2596\/revisions"}],"predecessor-version":[{"id":2597,"href":"https:\/\/www.ucc.edu.ni\/boletininformativo\/wp-json\/wp\/v2\/pages\/2596\/revisions\/2597"}],"wp:attachment":[{"href":"https:\/\/www.ucc.edu.ni\/boletininformativo\/wp-json\/wp\/v2\/media?parent=2596"}],"curies":[{"name":"wp","href":"https:\/\/api.w.org\/{rel}","templated":true}]}}