{"id":2594,"date":"2026-01-07T17:00:18","date_gmt":"2026-01-07T23:00:18","guid":{"rendered":"https:\/\/www.ucc.edu.ni\/boletininformativo\/?page_id=2594"},"modified":"2026-01-07T17:00:21","modified_gmt":"2026-01-07T23:00:21","slug":"octubre-2025-2","status":"publish","type":"page","link":"https:\/\/www.ucc.edu.ni\/boletininformativo\/octubre-2025-2\/","title":{"rendered":"OCTUBRE 2025"},"content":{"rendered":"<ul class=\"wp-block-latest-posts__list is-grid columns-3 wp-block-latest-posts\"><li><div class=\"wp-block-latest-posts__featured-image\"><img loading=\"lazy\" decoding=\"async\" width=\"150\" height=\"150\" src=\"https:\/\/www.ucc.edu.ni\/boletininformativo\/php_assets\/uploads\/2025\/10\/Campeon-Centroamericano-150x150.png\" class=\"attachment-thumbnail size-thumbnail wp-post-image\" alt=\"\" style=\"\" \/><\/div><a class=\"wp-block-latest-posts__post-title\" href=\"https:\/\/www.ucc.edu.ni\/boletininformativo\/proyeccion-social\/campeon-centroamericano-james-wilson-estudiante-ucc\/\">Campe\u00f3n Centroamericano: James Wilson, Estudiante UCC<\/a><div class=\"wp-block-latest-posts__post-excerpt\">La Universidad de Ciencias Comerciales (UCC) celebra con orgullo el triunfo del atleta nicarag\u00fcense James Wilson (71 kg), estudiante de&hellip; <\/div><\/li>\n<li><div class=\"wp-block-latest-posts__featured-image\"><img loading=\"lazy\" decoding=\"async\" width=\"150\" height=\"150\" src=\"https:\/\/www.ucc.edu.ni\/boletininformativo\/php_assets\/uploads\/2025\/10\/Maestrantes-MEDE-150x150.jpg\" class=\"attachment-thumbnail size-thumbnail wp-post-image\" alt=\"\" style=\"\" \/><\/div><a class=\"wp-block-latest-posts__post-title\" href=\"https:\/\/www.ucc.edu.ni\/boletininformativo\/docencia\/maestrantes-de-la-mede-inician-proceso-de-defensa\/\">Maestrantes de la MEDE inician Proceso de Defensa<\/a><div class=\"wp-block-latest-posts__post-excerpt\">Como resultado del convenio suscrito entre la Universidad de Ciencias Comerciales (UCC) y la Empresa Portuaria Nacional (EPN), quince colaboradores&hellip; <\/div><\/li>\n<li><div class=\"wp-block-latest-posts__featured-image\"><img loading=\"lazy\" decoding=\"async\" width=\"150\" height=\"150\" src=\"https:\/\/www.ucc.edu.ni\/boletininformativo\/php_assets\/uploads\/2025\/10\/Dia-del-Abogado-150x150.jpg\" class=\"attachment-thumbnail size-thumbnail wp-post-image\" alt=\"\" style=\"\" \/><\/div><a class=\"wp-block-latest-posts__post-title\" href=\"https:\/\/www.ucc.edu.ni\/boletininformativo\/docencia\/ucc-celebra-dia-nacional-del-abogado\/\">UCC celebra D\u00eda Nacional del Abogado<\/a><div class=\"wp-block-latest-posts__post-excerpt\">En conmemoraci\u00f3n del D\u00eda Nacional del Abogado, la Universidad de Ciencias Comerciales (UCC), Sede Central Managua, a trav\u00e9s de la&hellip; <\/div><\/li>\n<li><div class=\"wp-block-latest-posts__featured-image\"><img loading=\"lazy\" decoding=\"async\" width=\"150\" height=\"150\" src=\"https:\/\/www.ucc.edu.ni\/boletininformativo\/php_assets\/uploads\/2025\/10\/Festival-de-Gastronomia-150x150.jpg\" class=\"attachment-thumbnail size-thumbnail wp-post-image\" alt=\"\" style=\"\" \/><\/div><a class=\"wp-block-latest-posts__post-title\" href=\"https:\/\/www.ucc.edu.ni\/boletininformativo\/docencia\/festival-de-gastronomia-tipica-centroamericana\/\">Festival de Gastronom\u00eda T\u00edpica Centroamericana<\/a><div class=\"wp-block-latest-posts__post-excerpt\">La Universidad de Ciencias Comerciales (UCC), Campus Matagalpa, desarroll\u00f3 el 11 de octubre el Festival de gastronom\u00eda t\u00edpica centroamericana, una&hellip; <\/div><\/li>\n<li><div class=\"wp-block-latest-posts__featured-image\"><img loading=\"lazy\" decoding=\"async\" width=\"150\" height=\"150\" src=\"https:\/\/www.ucc.edu.ni\/boletininformativo\/php_assets\/uploads\/2025\/10\/Innovacion-150x150.png\" class=\"attachment-thumbnail size-thumbnail wp-post-image\" alt=\"\" style=\"\" \/><\/div><a class=\"wp-block-latest-posts__post-title\" href=\"https:\/\/www.ucc.edu.ni\/boletininformativo\/docencia\/innovacion-que-trasciende-fronteras\/\">Innovaci\u00f3n que trasciende Fronteras<\/a><div class=\"wp-block-latest-posts__post-excerpt\">La Universidad de Ciencias Comerciales (UCC) Campus Le\u00f3n celebr\u00f3 con orgullo los logros obtenidos por sus talentosos estudiantes durante el&hellip; <\/div><\/li>\n<li><div class=\"wp-block-latest-posts__featured-image\"><img loading=\"lazy\" decoding=\"async\" width=\"150\" height=\"150\" src=\"https:\/\/www.ucc.edu.ni\/boletininformativo\/php_assets\/uploads\/2025\/10\/Seguridad-Social-150x150.jpg\" class=\"attachment-thumbnail size-thumbnail wp-post-image\" alt=\"\" style=\"\" \/><\/div><a class=\"wp-block-latest-posts__post-title\" href=\"https:\/\/www.ucc.edu.ni\/boletininformativo\/docencia\/culmina-con-exito-el-diplomado-en-sistema-de-seguridad-social\/\">Culmina con \u00e9xito el Diplomado en Sistema de Seguridad Social<\/a><div class=\"wp-block-latest-posts__post-excerpt\">Veinte profesionales de distintas empresas e instituciones, culminaron con \u00e9xito este 11 de octubre el Diplomado en Sistema de Seguridad&hellip; <\/div><\/li>\n<li><div class=\"wp-block-latest-posts__featured-image\"><img loading=\"lazy\" decoding=\"async\" width=\"150\" height=\"150\" src=\"https:\/\/www.ucc.edu.ni\/boletininformativo\/php_assets\/uploads\/2025\/10\/Historia-Nacional-150x150.jpg\" class=\"attachment-thumbnail size-thumbnail wp-post-image\" alt=\"\" style=\"\" \/><\/div><a class=\"wp-block-latest-posts__post-title\" href=\"https:\/\/www.ucc.edu.ni\/boletininformativo\/docencia\/conferencia-destaca-la-importancia-de-conocer-la-historia-nacional\/\">Conferencia destaca la importancia de conocer la Historia Nacional<\/a><div class=\"wp-block-latest-posts__post-excerpt\">La comunidad educativa de la Universidad de Ciencias Comerciales (UCC), particip\u00f3 este jueves 9 de octubre en la conferencia; \u201cInsurrecci\u00f3n&hellip; <\/div><\/li>\n<li><div class=\"wp-block-latest-posts__featured-image\"><img loading=\"lazy\" decoding=\"async\" width=\"150\" height=\"150\" src=\"https:\/\/www.ucc.edu.ni\/boletininformativo\/php_assets\/uploads\/2025\/10\/Diplomados-UCC-150x150.jpg\" class=\"attachment-thumbnail size-thumbnail wp-post-image\" alt=\"\" style=\"\" \/><\/div><a class=\"wp-block-latest-posts__post-title\" href=\"https:\/\/www.ucc.edu.ni\/boletininformativo\/docencia\/profesionales-culminan-con-exito-diplomados-de-ucc-2\/\">Profesionales culminan con \u00e9xito Diplomados de UCC<\/a><div class=\"wp-block-latest-posts__post-excerpt\">La Universidad de Ciencias Comerciales (UCC), Sede Central Managua, a trav\u00e9s de la Direcci\u00f3n de Posgrado y Educaci\u00f3n Continua, realiz\u00f3&hellip; <\/div><\/li>\n<li><div class=\"wp-block-latest-posts__featured-image\"><img loading=\"lazy\" decoding=\"async\" width=\"150\" height=\"150\" src=\"https:\/\/www.ucc.edu.ni\/boletininformativo\/php_assets\/uploads\/2025\/10\/Medicina-Legal-150x150.jpg\" class=\"attachment-thumbnail size-thumbnail wp-post-image\" alt=\"\" style=\"\" \/><\/div><a class=\"wp-block-latest-posts__post-title\" href=\"https:\/\/www.ucc.edu.ni\/boletininformativo\/docencia\/estudiantes-fortalecen-sus-conocimientos-en-medicina-legal\/\">Estudiantes fortalecen sus conocimientos en Medicina Legal<\/a><div class=\"wp-block-latest-posts__post-excerpt\">En el marco de la asignatura de Medicina Legal impartida por la docente Mar\u00eda Jos\u00e9 Ar\u00e9valo, los estudiantes de tercer&hellip; <\/div><\/li>\n<li><div class=\"wp-block-latest-posts__featured-image\"><img loading=\"lazy\" decoding=\"async\" width=\"150\" height=\"150\" src=\"https:\/\/www.ucc.edu.ni\/boletininformativo\/php_assets\/uploads\/2025\/10\/Resistencia-Indigena-150x150.jpg\" class=\"attachment-thumbnail size-thumbnail wp-post-image\" alt=\"\" style=\"\" \/><\/div><a class=\"wp-block-latest-posts__post-title\" href=\"https:\/\/www.ucc.edu.ni\/boletininformativo\/docencia\/estudiantes-conmemoran-la-resistencia-indigena\/\">Estudiantes conmemoran la Resistencia Ind\u00edgena<\/a><div class=\"wp-block-latest-posts__post-excerpt\">El domingo 12 de octubre, los estudiantes del turno sabatino de la Universidad de Ciencias Comerciales (UCC), Campus Matagalpa, realizaron&hellip; <\/div><\/li>\n<li><div class=\"wp-block-latest-posts__featured-image\"><img loading=\"lazy\" decoding=\"async\" width=\"150\" height=\"150\" src=\"https:\/\/www.ucc.edu.ni\/boletininformativo\/php_assets\/uploads\/2025\/10\/Charla-Educativa-150x150.jpg\" class=\"attachment-thumbnail size-thumbnail wp-post-image\" alt=\"\" style=\"\" \/><\/div><a class=\"wp-block-latest-posts__post-title\" href=\"https:\/\/www.ucc.edu.ni\/boletininformativo\/docencia\/charla-educativa\/\">Charla Educativa<\/a><div class=\"wp-block-latest-posts__post-excerpt\">En el marco de la Conmemoraci\u00f3n de la Lucha contra el C\u00e1ncer de Mama, estudiantes de las diversas carreras del&hellip; <\/div><\/li>\n<li><div class=\"wp-block-latest-posts__featured-image\"><img loading=\"lazy\" decoding=\"async\" width=\"150\" height=\"150\" src=\"https:\/\/www.ucc.edu.ni\/boletininformativo\/php_assets\/uploads\/2025\/10\/Feria-Maiz-150x150.jpg\" class=\"attachment-thumbnail size-thumbnail wp-post-image\" alt=\"\" style=\"\" \/><\/div><a class=\"wp-block-latest-posts__post-title\" href=\"https:\/\/www.ucc.edu.ni\/boletininformativo\/docencia\/feria-del-maiz-2025\/\">Feria del Ma\u00edz 2025<\/a><div class=\"wp-block-latest-posts__post-excerpt\">El martes 14 de octubre, la Universidad de Ciencias Comerciales (UCC), Campus Matagalpa, celebr\u00f3 con gran entusiasmo la Feria del&hellip; <\/div><\/li>\n<li><div class=\"wp-block-latest-posts__featured-image\"><img loading=\"lazy\" decoding=\"async\" width=\"150\" height=\"150\" src=\"https:\/\/www.ucc.edu.ni\/boletininformativo\/php_assets\/uploads\/2025\/10\/Cultivando-Lideres-150x150.png\" class=\"attachment-thumbnail size-thumbnail wp-post-image\" alt=\"\" style=\"\" \/><\/div><a class=\"wp-block-latest-posts__post-title\" href=\"https:\/\/www.ucc.edu.ni\/boletininformativo\/docencia\/primera-aula-experimental-cultivando-lideres-emocionales\/\">Primera Aula Experimental \u201cCultivando L\u00edderes Emocionales\u201d<\/a><div class=\"wp-block-latest-posts__post-excerpt\">La Universidad de Ciencias Comerciales (UCC) Campus Le\u00f3n, a trav\u00e9s de la Coordinaci\u00f3n de Ciencias Econ\u00f3micas Empresariales, desarroll\u00f3 recientemente la&hellip; <\/div><\/li>\n<li><div class=\"wp-block-latest-posts__featured-image\"><img loading=\"lazy\" decoding=\"async\" width=\"150\" height=\"150\" src=\"https:\/\/www.ucc.edu.ni\/boletininformativo\/php_assets\/uploads\/2025\/10\/Medicamentos-Veterinarios-150x150.jpg\" class=\"attachment-thumbnail size-thumbnail wp-post-image\" alt=\"\" style=\"\" \/><\/div><a class=\"wp-block-latest-posts__post-title\" href=\"https:\/\/www.ucc.edu.ni\/boletininformativo\/gestion-institucional\/ucc-recibe-medicamentos-veterinarios-de-yale-healthcare\/\">UCC recibe medicamentos veterinarios de Yale Healthcare<\/a><div class=\"wp-block-latest-posts__post-excerpt\">La Universidad de Ciencias Comerciales (UCC), recibi\u00f3 este mi\u00e9rcoles 22 de octubre un importante donativo de medicamentos veterinarios de parte&hellip; <\/div><\/li>\n<li><div class=\"wp-block-latest-posts__featured-image\"><img loading=\"lazy\" decoding=\"async\" width=\"150\" height=\"150\" src=\"https:\/\/www.ucc.edu.ni\/boletininformativo\/php_assets\/uploads\/2025\/10\/Arquilectores-150x150.png\" class=\"attachment-thumbnail size-thumbnail wp-post-image\" alt=\"\" style=\"\" \/><\/div><a class=\"wp-block-latest-posts__post-title\" href=\"https:\/\/www.ucc.edu.ni\/boletininformativo\/docencia\/arquilectores-leer-para-crear\/\">Arquilectores : Leer para Crear\u201d<\/a><div class=\"wp-block-latest-posts__post-excerpt\">La Universidad de Ciencias Comerciales UCC, Campus Le\u00f3n, a trav\u00e9s de la Coordinaci\u00f3n de Arquitectura, Dise\u00f1o Gr\u00e1fico Publicitario e Ingenier\u00eda&hellip; <\/div><\/li>\n<li><div class=\"wp-block-latest-posts__featured-image\"><img loading=\"lazy\" decoding=\"async\" width=\"150\" height=\"150\" src=\"https:\/\/www.ucc.edu.ni\/boletininformativo\/php_assets\/uploads\/2025\/10\/Bienestar-Emocional-150x150.jpg\" class=\"attachment-thumbnail size-thumbnail wp-post-image\" alt=\"\" style=\"\" \/><\/div><a class=\"wp-block-latest-posts__post-title\" href=\"https:\/\/www.ucc.edu.ni\/boletininformativo\/gestion-institucional\/bienestar-emocional-para-un-mejor-desempeno-laboral\/\">Bienestar Emocional para un mejor desempe\u00f1o Laboral<\/a><div class=\"wp-block-latest-posts__post-excerpt\">Colaboradores de las diferentes \u00e1reas acad\u00e9micas y administrativas de la Universidad de Ciencias Comerciales (UCC), Sede Central Managua, participaron este&hellip; <\/div><\/li>\n<li><div class=\"wp-block-latest-posts__featured-image\"><img loading=\"lazy\" decoding=\"async\" width=\"150\" height=\"150\" src=\"https:\/\/www.ucc.edu.ni\/boletininformativo\/php_assets\/uploads\/2025\/10\/Foro-de-Educacion-Veterinaria-150x150.jpg\" class=\"attachment-thumbnail size-thumbnail wp-post-image\" alt=\"\" style=\"\" \/><\/div><a class=\"wp-block-latest-posts__post-title\" href=\"https:\/\/www.ucc.edu.ni\/boletininformativo\/destacadas\/ucc-fortalece-su-internacionalizacion-en-el-foro-de-educacion-veterinaria\/\">UCC fortalece su Internacionalizaci\u00f3n en el Foro de Educaci\u00f3n Veterinaria<\/a><div class=\"wp-block-latest-posts__post-excerpt\">La Universidad de Ciencias Comerciales (UCC), a trav\u00e9s de la Coordinaci\u00f3n de Medicina Veterinaria, particip\u00f3 del 8 al 10 de&hellip; <\/div><\/li>\n<li><div class=\"wp-block-latest-posts__featured-image\"><img loading=\"lazy\" decoding=\"async\" width=\"150\" height=\"150\" src=\"https:\/\/www.ucc.edu.ni\/boletininformativo\/php_assets\/uploads\/2025\/10\/Rally-2025-150x150.jpg\" class=\"attachment-thumbnail size-thumbnail wp-post-image\" alt=\"\" style=\"\" \/><\/div><a class=\"wp-block-latest-posts__post-title\" href=\"https:\/\/www.ucc.edu.ni\/boletininformativo\/destacadas\/estudiantes-destacan-en-el-rally-2025-con-propuestas-innovadoras\/\">Estudiantes destacan en el Rally 2025 con propuestas Innovadoras<\/a><div class=\"wp-block-latest-posts__post-excerpt\">Con entusiasmo, creatividad y esp\u00edritu de colaboraci\u00f3n, los estudiantes de la Universidad de Ciencias Comerciales (UCC), concluyeron su participaci\u00f3n en&hellip; <\/div><\/li>\n<li><div class=\"wp-block-latest-posts__featured-image\"><img loading=\"lazy\" decoding=\"async\" width=\"150\" height=\"150\" src=\"https:\/\/www.ucc.edu.ni\/boletininformativo\/php_assets\/uploads\/2025\/10\/UCC_TIGO-150x150.jpg\" class=\"attachment-thumbnail size-thumbnail wp-post-image\" alt=\"\" style=\"\" \/><\/div><a class=\"wp-block-latest-posts__post-title\" href=\"https:\/\/www.ucc.edu.ni\/boletininformativo\/octubre-2025\/ucc-y-tigo-clausuran-la-ruta-formativa-crea-ensena-innova\/\">UCC y Tigo clausuran la Ruta Formativa: Crea, Ense\u00f1a, Innova<\/a><div class=\"wp-block-latest-posts__post-excerpt\">En conmemoraci\u00f3n del D\u00eda Mundial del Docente, la Universidad de Ciencias Comerciales (UCC) y la empresa Tigo, llevaron a cabo&hellip; <\/div><\/li>\n<li><div class=\"wp-block-latest-posts__featured-image\"><img loading=\"lazy\" decoding=\"async\" width=\"150\" height=\"150\" src=\"https:\/\/www.ucc.edu.ni\/boletininformativo\/php_assets\/uploads\/2025\/10\/Reforestacion-Escolar-2025-150x150.jpg\" class=\"attachment-thumbnail size-thumbnail wp-post-image\" alt=\"\" style=\"\" \/><\/div><a class=\"wp-block-latest-posts__post-title\" href=\"https:\/\/www.ucc.edu.ni\/boletininformativo\/octubre-2025\/ucc-clausura-con-exito-la-campana-de-reforestacion-escolar-2025\/\">UCC clausura con \u00e9xito la Campa\u00f1a de Reforestaci\u00f3n Escolar 2025<\/a><div class=\"wp-block-latest-posts__post-excerpt\">Con la participaci\u00f3n de Autoridades Superiores y Acad\u00e9micas, de la Universidad de Ciencias Comerciales UCC, se realiz\u00f3 la Clausura de&hellip; <\/div><\/li>\n<\/ul>","protected":false},"excerpt":{"rendered":"","protected":false},"author":1,"featured_media":0,"parent":0,"menu_order":0,"comment_status":"closed","ping_status":"closed","template":"","meta":{"footnotes":""},"class_list":["post-2594","page","type-page","status-publish","hentry"],"_links":{"self":[{"href":"https:\/\/www.ucc.edu.ni\/boletininformativo\/wp-json\/wp\/v2\/pages\/2594","targetHints":{"allow":["GET"]}}],"collection":[{"href":"https:\/\/www.ucc.edu.ni\/boletininformativo\/wp-json\/wp\/v2\/pages"}],"about":[{"href":"https:\/\/www.ucc.edu.ni\/boletininformativo\/wp-json\/wp\/v2\/types\/page"}],"author":[{"embeddable":true,"href":"https:\/\/www.ucc.edu.ni\/boletininformativo\/wp-json\/wp\/v2\/users\/1"}],"replies":[{"embeddable":true,"href":"https:\/\/www.ucc.edu.ni\/boletininformativo\/wp-json\/wp\/v2\/comments?post=2594"}],"version-history":[{"count":1,"href":"https:\/\/www.ucc.edu.ni\/boletininformativo\/wp-json\/wp\/v2\/pages\/2594\/revisions"}],"predecessor-version":[{"id":2595,"href":"https:\/\/www.ucc.edu.ni\/boletininformativo\/wp-json\/wp\/v2\/pages\/2594\/revisions\/2595"}],"wp:attachment":[{"href":"https:\/\/www.ucc.edu.ni\/boletininformativo\/wp-json\/wp\/v2\/media?parent=2594"}],"curies":[{"name":"wp","href":"https:\/\/api.w.org\/{rel}","templated":true}]}}