{"id":2379,"date":"2025-10-02T09:53:00","date_gmt":"2025-10-02T15:53:00","guid":{"rendered":"https:\/\/www.ucc.edu.ni\/boletininformativo\/?page_id=2379"},"modified":"2025-10-02T09:53:01","modified_gmt":"2025-10-02T15:53:01","slug":"agosto-2025-2","status":"publish","type":"page","link":"https:\/\/www.ucc.edu.ni\/boletininformativo\/agosto-2025-2\/","title":{"rendered":"AGOSTO 2025"},"content":{"rendered":"<ul class=\"wp-block-latest-posts__list is-grid columns-3 wp-block-latest-posts\"><li><div class=\"wp-block-latest-posts__featured-image\"><img loading=\"lazy\" decoding=\"async\" width=\"150\" height=\"150\" src=\"https:\/\/www.ucc.edu.ni\/boletininformativo\/php_assets\/uploads\/2025\/08\/Mes-Patrio-150x150.jpg\" class=\"attachment-thumbnail size-thumbnail wp-post-image\" alt=\"\" style=\"\" \/><\/div><a class=\"wp-block-latest-posts__post-title\" href=\"https:\/\/www.ucc.edu.ni\/boletininformativo\/docencia\/acto-de-lanzamiento-del-mes-patrio-en-la-ucc\/\">Acto de Lanzamiento del Mes Patrio en la UCC<\/a><div class=\"wp-block-latest-posts__post-excerpt\">Autoridades acad\u00e9micas y administrativas, docentes y estudiantes del turno diurno de la Universidad de Ciencias Comerciales (UCC), Sede Central Managua, participaron este 18 de agosto con orgullo y fervor nacional&hellip; <\/div><\/li>\n<li><div class=\"wp-block-latest-posts__featured-image\"><img loading=\"lazy\" decoding=\"async\" width=\"150\" height=\"150\" src=\"https:\/\/www.ucc.edu.ni\/boletininformativo\/php_assets\/uploads\/2025\/08\/Evento-Internacional-150x150.jpg\" class=\"attachment-thumbnail size-thumbnail wp-post-image\" alt=\"\" style=\"\" \/><\/div><a class=\"wp-block-latest-posts__post-title\" href=\"https:\/\/www.ucc.edu.ni\/boletininformativo\/gestion-institucional\/ucc-destaco-en-evento-internacional\/\">UCC destac\u00f3 en Evento Internacional<\/a><div class=\"wp-block-latest-posts__post-excerpt\">En el marco del fortalecimiento de la Internacionalizaci\u00f3n e Interculturalidad, la Universidad de Ciencias Comerciales (UCC) particip\u00f3 en la quinta edici\u00f3n del Festival Folkl\u00f3rico y Congreso Internacional, Honduras 2025, organizado&hellip; <\/div><\/li>\n<li><div class=\"wp-block-latest-posts__featured-image\"><img loading=\"lazy\" decoding=\"async\" width=\"150\" height=\"150\" src=\"https:\/\/www.ucc.edu.ni\/boletininformativo\/php_assets\/uploads\/2025\/08\/Operaciones-Aduaneras-150x150.jpg\" class=\"attachment-thumbnail size-thumbnail wp-post-image\" alt=\"\" style=\"\" \/><\/div><a class=\"wp-block-latest-posts__post-title\" href=\"https:\/\/www.ucc.edu.ni\/boletininformativo\/docencia\/profesionales-inician-formacion-en-operaciones-aduaneras\/\">Profesionales inician formaci\u00f3n en Operaciones Aduaneras<\/a><div class=\"wp-block-latest-posts__post-excerpt\">La Universidad de Ciencias Comerciales (UCC), a trav\u00e9s de la Direcci\u00f3n de Posgrado y Educaci\u00f3n Continua, inici\u00f3 este 23 de agosto, la primera edici\u00f3n del Diplomado en Operaciones Aduaneras y&hellip; <\/div><\/li>\n<li><div class=\"wp-block-latest-posts__featured-image\"><img loading=\"lazy\" decoding=\"async\" width=\"150\" height=\"150\" src=\"https:\/\/www.ucc.edu.ni\/boletininformativo\/php_assets\/uploads\/2025\/08\/Finanzas-Sostenibles-150x150.jpg\" class=\"attachment-thumbnail size-thumbnail wp-post-image\" alt=\"\" style=\"\" \/><\/div><a class=\"wp-block-latest-posts__post-title\" href=\"https:\/\/www.ucc.edu.ni\/boletininformativo\/docencia\/inicia-formacion-en-finanzas-sostenibles-para-restaurantes\/\">Inicia formaci\u00f3n en Finanzas Sostenibles para Restaurantes<\/a><div class=\"wp-block-latest-posts__post-excerpt\">Veinte empresarios y emprendedores del sector hotelero y de restaurantes iniciaron este 23 de agosto en la Universidad de Ciencias Comerciales (UCC), Sede Central Managua, la Segunda Edici\u00f3n del Curso&hellip; <\/div><\/li>\n<li><div class=\"wp-block-latest-posts__featured-image\"><img loading=\"lazy\" decoding=\"async\" width=\"150\" height=\"150\" src=\"https:\/\/www.ucc.edu.ni\/boletininformativo\/php_assets\/uploads\/2025\/08\/Sostenibilidad-Ambiental-150x150.jpg\" class=\"attachment-thumbnail size-thumbnail wp-post-image\" alt=\"\" style=\"\" \/><\/div><a class=\"wp-block-latest-posts__post-title\" href=\"https:\/\/www.ucc.edu.ni\/boletininformativo\/docencia\/especialistas-abordan-sostenibilidad-ambiental\/\">Especialistas abordan Sostenibilidad Ambiental<\/a><div class=\"wp-block-latest-posts__post-excerpt\">En el marco del Eje n\u00famero 6 vinculado a Ambiente y Naturaleza, de la Estrategia Nacional de Educaci\u00f3n, la Universidad de Ciencias Comerciales (UCC) Sede Central Managua, realiz\u00f3 este 21&hellip; <\/div><\/li>\n<li><div class=\"wp-block-latest-posts__featured-image\"><img loading=\"lazy\" decoding=\"async\" width=\"150\" height=\"150\" src=\"https:\/\/www.ucc.edu.ni\/boletininformativo\/php_assets\/uploads\/2025\/08\/Turismo-150x150.jpg\" class=\"attachment-thumbnail size-thumbnail wp-post-image\" alt=\"\" style=\"\" \/><\/div><a class=\"wp-block-latest-posts__post-title\" href=\"https:\/\/www.ucc.edu.ni\/boletininformativo\/docencia\/futuros-profesionales-del-turismo-fortalecen-sus-conocimientos\/\">Futuros Profesionales del Turismo fortalecen sus Conocimientos<\/a><div class=\"wp-block-latest-posts__post-excerpt\">Como parte del proceso de fortalecimiento de competencias profesionales, estudiantes del turno Sabatino de la carrera de Administraci\u00f3n de Empresas Tur\u00edsticas y Hoteleras, de la Universidad de Ciencias Comerciales (UCC),&hellip; <\/div><\/li>\n<li><div class=\"wp-block-latest-posts__featured-image\"><img loading=\"lazy\" decoding=\"async\" width=\"150\" height=\"150\" src=\"https:\/\/www.ucc.edu.ni\/boletininformativo\/php_assets\/uploads\/2025\/08\/Tradicion-150x150.jpg\" class=\"attachment-thumbnail size-thumbnail wp-post-image\" alt=\"\" style=\"\" \/><\/div><a class=\"wp-block-latest-posts__post-title\" href=\"https:\/\/www.ucc.edu.ni\/boletininformativo\/docencia\/tradicion-y-sabor-nica-en-la-ucc\/\">Tradici\u00f3n y Sabor Nica en la UCC<\/a><div class=\"wp-block-latest-posts__post-excerpt\">Con el objetivo de preservar las tradiciones nicarag\u00fcenses y en el marco de las festividades en honor a Santo Domingo de Guzm\u00e1n, la comunidad educativa del Turno Diurno de la&hellip; <\/div><\/li>\n<li><div class=\"wp-block-latest-posts__featured-image\"><img loading=\"lazy\" decoding=\"async\" width=\"150\" height=\"150\" src=\"https:\/\/www.ucc.edu.ni\/boletininformativo\/php_assets\/uploads\/2025\/08\/IMG-20250817-WA0046-150x150.jpg\" class=\"attachment-thumbnail size-thumbnail wp-post-image\" alt=\"\" style=\"\" \/><\/div><a class=\"wp-block-latest-posts__post-title\" href=\"https:\/\/www.ucc.edu.ni\/boletininformativo\/docencia\/ucc-inaugura-nueva-edicion-de-cursos-y-diplomados\/\">UCC inaugura nueva Edici\u00f3n de Cursos y Diplomados<\/a><div class=\"wp-block-latest-posts__post-excerpt\">La Universidad de Ciencias Comerciales (UCC), Sede Central Managua, a trav\u00e9s de la Direcci\u00f3n de Posgrado y Educaci\u00f3n Continua, dio inicio este domingo 17 de agosto a una nueva serie&hellip; <\/div><\/li>\n<li><div class=\"wp-block-latest-posts__featured-image\"><img loading=\"lazy\" decoding=\"async\" width=\"150\" height=\"150\" src=\"https:\/\/www.ucc.edu.ni\/boletininformativo\/php_assets\/uploads\/2025\/08\/Bienestar-150x150.jpg\" class=\"attachment-thumbnail size-thumbnail wp-post-image\" alt=\"\" style=\"\" \/><\/div><a class=\"wp-block-latest-posts__post-title\" href=\"https:\/\/www.ucc.edu.ni\/boletininformativo\/gestion-institucional\/compromiso-con-el-bienestar\/\">Compromiso con el Bienestar<\/a><div class=\"wp-block-latest-posts__post-excerpt\">Como parte de las acciones para fortalecer el bienestar de los colaboradores, el personal acad\u00e9mico, administrativo y de servicios generales de la Universidad de Ciencias Comerciales (UCC), Sede Central Managua,&hellip; <\/div><\/li>\n<li><div class=\"wp-block-latest-posts__featured-image\"><img loading=\"lazy\" decoding=\"async\" width=\"150\" height=\"150\" src=\"https:\/\/www.ucc.edu.ni\/boletininformativo\/php_assets\/uploads\/2025\/08\/Feria-Biodiversidad-150x150.jpg\" class=\"attachment-thumbnail size-thumbnail wp-post-image\" alt=\"\" style=\"\" \/><\/div><a class=\"wp-block-latest-posts__post-title\" href=\"https:\/\/www.ucc.edu.ni\/boletininformativo\/docencia\/campus-matagalpa-realizo-feria-de-la-biodiversidad\/\">Campus Matagalpa realiz\u00f3 Feria de la Biodiversidad<\/a><div class=\"wp-block-latest-posts__post-excerpt\">La Universidad de Ciencias Comerciales (UCC), Campus Matagalpa, desarroll\u00f3 con \u00e9xito la Feria de la Biodiversidad, una actividad acad\u00e9mica y formativa que tuvo como prop\u00f3sito sensibilizar a la comunidad universitaria&hellip; <\/div><\/li>\n<li><div class=\"wp-block-latest-posts__featured-image\"><img loading=\"lazy\" decoding=\"async\" width=\"150\" height=\"150\" src=\"https:\/\/www.ucc.edu.ni\/boletininformativo\/php_assets\/uploads\/2025\/08\/Taller-Virtual-150x150.jpg\" class=\"attachment-thumbnail size-thumbnail wp-post-image\" alt=\"\" style=\"\" \/><\/div><a class=\"wp-block-latest-posts__post-title\" href=\"https:\/\/www.ucc.edu.ni\/boletininformativo\/investigacion\/ucc-fortalece-su-internacionalizacion-con-taller-virtual\/\">UCC fortalece su Internacionalizaci\u00f3n con Taller Virtual<\/a><div class=\"wp-block-latest-posts__post-excerpt\">Como parte de su estrategia de fortalecimiento de la internacionalizaci\u00f3n acad\u00e9mica, la Universidad de Ciencias Comerciales (UCC), desarroll\u00f3 el 22 de agosto el Taller \u201cRevisi\u00f3n Sistem\u00e1tica de Literatura Cient\u00edfica\u201d, dirigido&hellip; <\/div><\/li>\n<li><div class=\"wp-block-latest-posts__featured-image\"><img loading=\"lazy\" decoding=\"async\" width=\"150\" height=\"150\" src=\"https:\/\/www.ucc.edu.ni\/boletininformativo\/php_assets\/uploads\/2025\/08\/Calidad-Educativa-150x150.jpg\" class=\"attachment-thumbnail size-thumbnail wp-post-image\" alt=\"\" style=\"\" \/><\/div><a class=\"wp-block-latest-posts__post-title\" href=\"https:\/\/www.ucc.edu.ni\/boletininformativo\/docencia\/compromiso-con-la-calidad-educativa\/\">Compromiso con la Calidad Educativa<\/a><div class=\"wp-block-latest-posts__post-excerpt\">Con el prop\u00f3sito de evaluar el impacto y la efectividad del acompa\u00f1amiento en el aula, as\u00ed como dar seguimiento a la planificaci\u00f3n did\u00e1ctica y a las agendas semanales de los&hellip; <\/div><\/li>\n<li><div class=\"wp-block-latest-posts__featured-image\"><img loading=\"lazy\" decoding=\"async\" width=\"150\" height=\"150\" src=\"https:\/\/www.ucc.edu.ni\/boletininformativo\/php_assets\/uploads\/2025\/08\/Salud-Animal-150x150.jpg\" class=\"attachment-thumbnail size-thumbnail wp-post-image\" alt=\"\" style=\"\" \/><\/div><a class=\"wp-block-latest-posts__post-title\" href=\"https:\/\/www.ucc.edu.ni\/boletininformativo\/docencia\/futuros-veterinarios-contribuyen-a-la-salud-animal\/\">Futuros Veterinarios contribuyen a la Salud Animal<\/a><div class=\"wp-block-latest-posts__post-excerpt\">Con el prop\u00f3sito de prevenir y controlar la rabia en caninos y felinos, estudiantes de la carrera de Medicina Veterinaria de la Universidad de Ciencias Comerciales (UCC), Sede Central Managua,&hellip; <\/div><\/li>\n<li><div class=\"wp-block-latest-posts__featured-image\"><img loading=\"lazy\" decoding=\"async\" width=\"150\" height=\"150\" src=\"https:\/\/www.ucc.edu.ni\/boletininformativo\/php_assets\/uploads\/2025\/08\/Congreso-de-Arquitectura-150x150.png\" class=\"attachment-thumbnail size-thumbnail wp-post-image\" alt=\"\" style=\"\" \/><\/div><a class=\"wp-block-latest-posts__post-title\" href=\"https:\/\/www.ucc.edu.ni\/boletininformativo\/docencia\/ucc-impulsa-la-accesibilidad-e-inclusion-en-congreso-de-arquitectura-e-ingenierias\/\">UCC impulsa la Accesibilidad e Inclusi\u00f3n en Congreso de Arquitectura e Ingenier\u00edas<\/a><div class=\"wp-block-latest-posts__post-excerpt\">Con el firme compromiso de promover una educaci\u00f3n de calidad y con enfoque inclusivo, la Universidad de Ciencias Comerciales (UCC) Campus Le\u00f3n, desarroll\u00f3 el Primer Congreso de Arquitectura e Ingenier\u00edas&hellip; <\/div><\/li>\n<li><div class=\"wp-block-latest-posts__featured-image\"><img loading=\"lazy\" decoding=\"async\" width=\"150\" height=\"150\" src=\"https:\/\/www.ucc.edu.ni\/boletininformativo\/php_assets\/uploads\/2025\/08\/Egresados-LEON-150x150.png\" class=\"attachment-thumbnail size-thumbnail wp-post-image\" alt=\"\" style=\"\" \/><\/div><a class=\"wp-block-latest-posts__post-title\" href=\"https:\/\/www.ucc.edu.ni\/boletininformativo\/docencia\/primer-encuentro-de-egresados-2025\/\">Primer Encuentro de Egresados 2025<\/a><div class=\"wp-block-latest-posts__post-excerpt\">La Universidad de Ciencias Comerciales (UCC), Campus Le\u00f3n, desarroll\u00f3 este d\u00eda 23 de agosto el Primer Encuentro de Egresados 2025, con el objetivo de dar seguimiento a sus graduados, fortalecer&hellip; <\/div><\/li>\n<li><div class=\"wp-block-latest-posts__featured-image\"><img loading=\"lazy\" decoding=\"async\" width=\"150\" height=\"150\" src=\"https:\/\/www.ucc.edu.ni\/boletininformativo\/php_assets\/uploads\/2025\/08\/REVINUCC-150x150.jpg\" class=\"attachment-thumbnail size-thumbnail wp-post-image\" alt=\"\" style=\"\" \/><\/div><a class=\"wp-block-latest-posts__post-title\" href=\"https:\/\/www.ucc.edu.ni\/boletininformativo\/investigacion\/ucc-abre-convocatoria-para-publicaciones-en-revinucc\/\">UCC abre Convocatoria para Publicaciones en REVINUCC<\/a><div class=\"wp-block-latest-posts__post-excerpt\">La Universidad de Ciencias Comerciales UCC, a trav\u00e9s de la Direcci\u00f3n de Investigaci\u00f3n, hizo la convocatoria para la publicaci\u00f3n de ensayos y art\u00edculos cient\u00edficos en la Revista de Investigaci\u00f3n \u201cREVINUCC\u201d,&hellip; <\/div><\/li>\n<li><div class=\"wp-block-latest-posts__featured-image\"><img loading=\"lazy\" decoding=\"async\" width=\"150\" height=\"150\" src=\"https:\/\/www.ucc.edu.ni\/boletininformativo\/php_assets\/uploads\/2025\/08\/UCC-NESTLE-150x150.jpg\" class=\"attachment-thumbnail size-thumbnail wp-post-image\" alt=\"\" style=\"\" \/><\/div><a class=\"wp-block-latest-posts__post-title\" href=\"https:\/\/www.ucc.edu.ni\/boletininformativo\/destacadas\/ucc-y-nestle-firman-convenio-para-fortalecer-la-formacion-profesional\/\">UCC y Nestl\u00e9 firman Convenio para fortalecer la Formaci\u00f3n Profesional<\/a><div class=\"wp-block-latest-posts__post-excerpt\">Con el objetivo de establecer l\u00edneas de colaboraci\u00f3n que impulsen el crecimiento acad\u00e9mico y profesional, la Universidad de Ciencias Comerciales (UCC) y la empresa Nestl\u00e9, firmaron este 25 de agosto&hellip; <\/div><\/li>\n<li><div class=\"wp-block-latest-posts__featured-image\"><img loading=\"lazy\" decoding=\"async\" width=\"150\" height=\"150\" src=\"https:\/\/www.ucc.edu.ni\/boletininformativo\/php_assets\/uploads\/2025\/08\/IDG_20250814_115054_284-150x150.jpg\" class=\"attachment-thumbnail size-thumbnail wp-post-image\" alt=\"\" style=\"\" \/><\/div><a class=\"wp-block-latest-posts__post-title\" href=\"https:\/\/www.ucc.edu.ni\/boletininformativo\/destacadas\/ucc-abre-sus-puertas-a-futuros-bachilleres\/\">UCC abre sus puertas a Futuros Bachilleres<\/a><div class=\"wp-block-latest-posts__post-excerpt\">Con la participaci\u00f3n de aproximadamente 600 estudiantes de quinto a\u00f1o provenientes de los colegios Cristiano Verde Sonrisa, Liceo Franciscano, Agustiniano, Escuela T\u00e9cnica Emprendedora, Villa Flor, Bautista Libertad, Milagro de Dios,&hellip; <\/div><\/li>\n<li><div class=\"wp-block-latest-posts__featured-image\"><img loading=\"lazy\" decoding=\"async\" width=\"150\" height=\"150\" src=\"https:\/\/www.ucc.edu.ni\/boletininformativo\/php_assets\/uploads\/2025\/08\/DEBATE-150x150.jpg\" class=\"attachment-thumbnail size-thumbnail wp-post-image\" alt=\"\" style=\"\" \/><\/div><a class=\"wp-block-latest-posts__post-title\" href=\"https:\/\/www.ucc.edu.ni\/boletininformativo\/agosto-2025\/catedra-de-debate\/\">C\u00e1tedra de Debate<\/a><div class=\"wp-block-latest-posts__post-excerpt\">Con la participaci\u00f3n de estudiantes de la Universidad de Ciencias Comerciales (UCC) Sede Central Managua, Campus Le\u00f3n y Campus Matagalpa, se desarroll\u00f3 este 26 de agosto, la final del Torneo&hellip; <\/div><\/li>\n<li><div class=\"wp-block-latest-posts__featured-image\"><img loading=\"lazy\" decoding=\"async\" width=\"150\" height=\"150\" src=\"https:\/\/www.ucc.edu.ni\/boletininformativo\/php_assets\/uploads\/2025\/08\/Brigada-Ambiental-150x150.jpg\" class=\"attachment-thumbnail size-thumbnail wp-post-image\" alt=\"\" style=\"\" \/><\/div><a class=\"wp-block-latest-posts__post-title\" href=\"https:\/\/www.ucc.edu.ni\/boletininformativo\/agosto-2025\/compromiso-verde-ucc-juramenta-a-su-brigada-ambiental\/\">Compromiso verde: UCC juramenta a su Brigada Ambiental<\/a><div class=\"wp-block-latest-posts__post-excerpt\">La Universidad de Ciencias Comerciales (UCC), Sede Central Managua, realiz\u00f3 este 27 de agosto el acto de juramentaci\u00f3n de la Brigada Ambiental Guardabarranco, conformada por 25 estudiantes de diferentes carreras,&hellip; <\/div><\/li>\n<\/ul>","protected":false},"excerpt":{"rendered":"","protected":false},"author":1,"featured_media":0,"parent":0,"menu_order":0,"comment_status":"closed","ping_status":"closed","template":"","meta":{"footnotes":""},"class_list":["post-2379","page","type-page","status-publish","hentry"],"_links":{"self":[{"href":"https:\/\/www.ucc.edu.ni\/boletininformativo\/wp-json\/wp\/v2\/pages\/2379","targetHints":{"allow":["GET"]}}],"collection":[{"href":"https:\/\/www.ucc.edu.ni\/boletininformativo\/wp-json\/wp\/v2\/pages"}],"about":[{"href":"https:\/\/www.ucc.edu.ni\/boletininformativo\/wp-json\/wp\/v2\/types\/page"}],"author":[{"embeddable":true,"href":"https:\/\/www.ucc.edu.ni\/boletininformativo\/wp-json\/wp\/v2\/users\/1"}],"replies":[{"embeddable":true,"href":"https:\/\/www.ucc.edu.ni\/boletininformativo\/wp-json\/wp\/v2\/comments?post=2379"}],"version-history":[{"count":1,"href":"https:\/\/www.ucc.edu.ni\/boletininformativo\/wp-json\/wp\/v2\/pages\/2379\/revisions"}],"predecessor-version":[{"id":2380,"href":"https:\/\/www.ucc.edu.ni\/boletininformativo\/wp-json\/wp\/v2\/pages\/2379\/revisions\/2380"}],"wp:attachment":[{"href":"https:\/\/www.ucc.edu.ni\/boletininformativo\/wp-json\/wp\/v2\/media?parent=2379"}],"curies":[{"name":"wp","href":"https:\/\/api.w.org\/{rel}","templated":true}]}}