{"id":2098,"date":"2025-05-29T15:08:04","date_gmt":"2025-05-29T21:08:04","guid":{"rendered":"https:\/\/www.ucc.edu.ni\/boletininformativo\/?page_id=2098"},"modified":"2025-05-29T15:08:05","modified_gmt":"2025-05-29T21:08:05","slug":"abril-2025-2","status":"publish","type":"page","link":"https:\/\/www.ucc.edu.ni\/boletininformativo\/abril-2025-2\/","title":{"rendered":"ABRIL 2025"},"content":{"rendered":"<ul class=\"wp-block-latest-posts__list is-grid columns-3 wp-block-latest-posts\"><li><div class=\"wp-block-latest-posts__featured-image\"><img loading=\"lazy\" decoding=\"async\" width=\"150\" height=\"150\" src=\"https:\/\/www.ucc.edu.ni\/boletininformativo\/php_assets\/uploads\/2025\/04\/Arte-la-Creatividad-y-el-Diseno-150x150.png\" class=\"attachment-thumbnail size-thumbnail wp-post-image\" alt=\"\" style=\"\" \/><\/div><a class=\"wp-block-latest-posts__post-title\" href=\"https:\/\/www.ucc.edu.ni\/boletininformativo\/docencia\/campus-leon-conmemora-el-arte-la-creatividad-y-el-diseno\/\">Campus Le\u00f3n conmemora el Arte, la Creatividad y el Dise\u00f1o<\/a><div class=\"wp-block-latest-posts__post-excerpt\">La Universidad de Ciencias Comerciales (UCC), Campus Le\u00f3n, celebr\u00f3 con entusiasmo el cierre de la Semana del Arte, Dise\u00f1o y Creatividad en la emblem\u00e1tica Casa Derbishire del Centro de Arte&hellip; <\/div><\/li>\n<li><div class=\"wp-block-latest-posts__featured-image\"><img loading=\"lazy\" decoding=\"async\" width=\"150\" height=\"150\" src=\"https:\/\/www.ucc.edu.ni\/boletininformativo\/php_assets\/uploads\/2025\/04\/Dia-Nacional-del-Contador-150x150.png\" class=\"attachment-thumbnail size-thumbnail wp-post-image\" alt=\"\" style=\"\" \/><\/div><a class=\"wp-block-latest-posts__post-title\" href=\"https:\/\/www.ucc.edu.ni\/boletininformativo\/docencia\/ucc-celebra-el-dia-nacional-del-contador\/\">UCC celebra el D\u00eda Nacional del Contador<\/a><div class=\"wp-block-latest-posts__post-excerpt\">La Universidad de Ciencias Comerciales (UCC) celebr\u00f3 con orgullo el D\u00eda Nacional del Contador, en una jornada especial que reuni\u00f3 a estudiantes de la Sede Central en Managua y del&hellip; <\/div><\/li>\n<li><div class=\"wp-block-latest-posts__featured-image\"><img loading=\"lazy\" decoding=\"async\" width=\"150\" height=\"150\" src=\"https:\/\/www.ucc.edu.ni\/boletininformativo\/php_assets\/uploads\/2025\/04\/Verano-UCC-Matagalpa-150x150.jpg\" class=\"attachment-thumbnail size-thumbnail wp-post-image\" alt=\"\" style=\"\" \/><\/div><a class=\"wp-block-latest-posts__post-title\" href=\"https:\/\/www.ucc.edu.ni\/boletininformativo\/docencia\/el-verano-llego-a-la-ucc-campus-matagalpa\/\">El verano lleg\u00f3 a la UCC Campus Matagalpa<\/a><div class=\"wp-block-latest-posts__post-excerpt\">En el marco del Circuito Art\u00edstico \u201cAbril Creativo\u201d, la Universidad de Ciencias Comerciales (UCC) Campus Matagalpa celebr\u00f3 con entusiasmo la llegada del verano con un alegre convivio estudiantil dirigido a&hellip; <\/div><\/li>\n<li><div class=\"wp-block-latest-posts__featured-image\"><img loading=\"lazy\" decoding=\"async\" width=\"150\" height=\"150\" src=\"https:\/\/www.ucc.edu.ni\/boletininformativo\/php_assets\/uploads\/2025\/04\/Feria-de-Verano-150x150.jpg\" class=\"attachment-thumbnail size-thumbnail wp-post-image\" alt=\"\" style=\"\" \/><\/div><a class=\"wp-block-latest-posts__post-title\" href=\"https:\/\/www.ucc.edu.ni\/boletininformativo\/docencia\/identidad-y-sabor-en-feria-de-verano\/\">Identidad y sabor en Feria de Verano<\/a><div class=\"wp-block-latest-posts__post-excerpt\">Como parte de la jornada de Abril Creativo, la Universidad de Ciencias Comerciales (UCC), Sede Central Managua, realiz\u00f3 la Feria de Verano &#8220;Con sabor a tradici\u00f3n&#8221;, con el prop\u00f3sito de&hellip; <\/div><\/li>\n<li><div class=\"wp-block-latest-posts__featured-image\"><img loading=\"lazy\" decoding=\"async\" width=\"150\" height=\"150\" src=\"https:\/\/www.ucc.edu.ni\/boletininformativo\/php_assets\/uploads\/2025\/04\/Seguridad-Social-150x150.jpg\" class=\"attachment-thumbnail size-thumbnail wp-post-image\" alt=\"\" style=\"\" \/><\/div><a class=\"wp-block-latest-posts__post-title\" href=\"https:\/\/www.ucc.edu.ni\/boletininformativo\/docencia\/conferencia-academica-sobre-seguridad-social\/\">Conferencia Acad\u00e9mica sobre Seguridad Social<\/a><div class=\"wp-block-latest-posts__post-excerpt\">El tema de la seguridad social es de vital importancia para el desarrollo de las personas y la protecci\u00f3n de sus derechos fundamentales. Es por ello que la Universidad de&hellip; <\/div><\/li>\n<li><div class=\"wp-block-latest-posts__featured-image\"><img loading=\"lazy\" decoding=\"async\" width=\"150\" height=\"150\" src=\"https:\/\/www.ucc.edu.ni\/boletininformativo\/php_assets\/uploads\/2025\/04\/Feria-de-la-Creatividad-150x150.jpg\" class=\"attachment-thumbnail size-thumbnail wp-post-image\" alt=\"\" style=\"\" \/><\/div><a class=\"wp-block-latest-posts__post-title\" href=\"https:\/\/www.ucc.edu.ni\/boletininformativo\/docencia\/feria-de-la-creatividad-emprendimiento-e-innovacion\/\">Feria de la Creatividad, Emprendimiento e Innovaci\u00f3n<\/a><div class=\"wp-block-latest-posts__post-excerpt\">En el Campus Matagalpa de la Universidad de Ciencias Comerciales (UCC), se celebr\u00f3 con gran \u00e9xito la VII Feria de la Creatividad, Emprendimiento e Innovaci\u00f3n, un espacio dise\u00f1ado para potenciar&hellip; <\/div><\/li>\n<li><div class=\"wp-block-latest-posts__featured-image\"><img loading=\"lazy\" decoding=\"async\" width=\"150\" height=\"150\" src=\"https:\/\/www.ucc.edu.ni\/boletininformativo\/php_assets\/uploads\/2025\/04\/Semana-del-Arte-Leon-150x150.png\" class=\"attachment-thumbnail size-thumbnail wp-post-image\" alt=\"\" style=\"\" \/><\/div><a class=\"wp-block-latest-posts__post-title\" href=\"https:\/\/www.ucc.edu.ni\/boletininformativo\/docencia\/semana-del-arte-con-sabor-a-creatividad\/\">Semana del Arte con sabor a Creatividad<\/a><div class=\"wp-block-latest-posts__post-excerpt\">En el marco de la Semana del Arte, la Universidad de Ciencias Comerciales (UCC), Campus Le\u00f3n, desarroll\u00f3 con \u00e9xito una serie de actividades que promovieron la creatividad, la expresi\u00f3n art\u00edstica&hellip; <\/div><\/li>\n<li><div class=\"wp-block-latest-posts__featured-image\"><img loading=\"lazy\" decoding=\"async\" width=\"150\" height=\"150\" src=\"https:\/\/www.ucc.edu.ni\/boletininformativo\/php_assets\/uploads\/2025\/04\/Competencias-Pedagogicas-1-150x150.jpg\" class=\"attachment-thumbnail size-thumbnail wp-post-image\" alt=\"\" style=\"\" \/><\/div><a class=\"wp-block-latest-posts__post-title\" href=\"https:\/\/www.ucc.edu.ni\/boletininformativo\/docencia\/docentes-fortalecen-sus-competencias-pedagogicas\/\">Docentes fortalecen sus competencias Pedag\u00f3gicas<\/a><div class=\"wp-block-latest-posts__post-excerpt\">La Universidad de Ciencias Comerciales UCC, Sede Central Managua, a trav\u00e9s de la Vicerrector\u00eda Acad\u00e9mica y con el respaldo del equipo acad\u00e9mico, desarroll\u00f3 la capacitaci\u00f3n docente con el objetivo de&hellip; <\/div><\/li>\n<li><div class=\"wp-block-latest-posts__featured-image\"><img loading=\"lazy\" decoding=\"async\" width=\"150\" height=\"150\" src=\"https:\/\/www.ucc.edu.ni\/boletininformativo\/php_assets\/uploads\/2025\/04\/Semana-del-Arte-150x150.png\" class=\"attachment-thumbnail size-thumbnail wp-post-image\" alt=\"\" style=\"\" \/><\/div><a class=\"wp-block-latest-posts__post-title\" href=\"https:\/\/www.ucc.edu.ni\/boletininformativo\/docencia\/campus-leon-inaugura-la-semana-del-arte-diseno-y-creatividad\/\">Campus Le\u00f3n inaugura la Semana del Arte, Dise\u00f1o y Creatividad<\/a><div class=\"wp-block-latest-posts__post-excerpt\">La Universidad de Ciencias Comerciales (UCC), Campus Le\u00f3n, dio inicio a la Semana del Arte, Dise\u00f1o y Creatividad con una ceremonia inaugural y la conferencia magistral titulada \u201cLa creatividad en&hellip; <\/div><\/li>\n<li><div class=\"wp-block-latest-posts__featured-image\"><img loading=\"lazy\" decoding=\"async\" width=\"150\" height=\"150\" src=\"https:\/\/www.ucc.edu.ni\/boletininformativo\/php_assets\/uploads\/2025\/04\/Galacticos-vs-Maestros-150x150.jpg\" class=\"attachment-thumbnail size-thumbnail wp-post-image\" alt=\"\" style=\"\" \/><\/div><a class=\"wp-block-latest-posts__post-title\" href=\"https:\/\/www.ucc.edu.ni\/boletininformativo\/docencia\/adrenalina-goles-y-emocion-galacticos-vs-maestros\/\">Adrenalina, goles y emoci\u00f3n: Gal\u00e1cticos vs Maestros<\/a><div class=\"wp-block-latest-posts__post-excerpt\">El Polideportivo Espa\u00f1a fue escenario de un esperado y vibrante duelo deportivo entre los maestros de la Universidad de Ciencias Comerciales UCC, Sede Central Managua, y el equipo Gal\u00e1cticos, conformado&hellip; <\/div><\/li>\n<li><div class=\"wp-block-latest-posts__featured-image\"><img loading=\"lazy\" decoding=\"async\" width=\"150\" height=\"150\" src=\"https:\/\/www.ucc.edu.ni\/boletininformativo\/php_assets\/uploads\/2025\/04\/Curso-de-Redaccion-Tecnica-150x150.jpg\" class=\"attachment-thumbnail size-thumbnail wp-post-image\" alt=\"\" style=\"\" \/><\/div><a class=\"wp-block-latest-posts__post-title\" href=\"https:\/\/www.ucc.edu.ni\/boletininformativo\/proyeccion-social\/ucc-inicia-curso-de-redaccion-tecnica-en-epn-corinto\/\">UCC Inicia Curso de Redacci\u00f3n T\u00e9cnica en EPN- Corinto<\/a><div class=\"wp-block-latest-posts__post-excerpt\">Como parte de la vinculaci\u00f3n institucional y de la alianza estrat\u00e9gica entre la Universidad de Ciencias Comerciales UCC y la Empresa Portuaria Nacional (EPN), 15 colaboradoras de las diferentes \u00e1reas&hellip; <\/div><\/li>\n<li><div class=\"wp-block-latest-posts__featured-image\"><img loading=\"lazy\" decoding=\"async\" width=\"150\" height=\"150\" src=\"https:\/\/www.ucc.edu.ni\/boletininformativo\/php_assets\/uploads\/2025\/04\/Lectura-y-creatividad-150x150.jpg\" class=\"attachment-thumbnail size-thumbnail wp-post-image\" alt=\"\" style=\"\" \/><\/div><a class=\"wp-block-latest-posts__post-title\" href=\"https:\/\/www.ucc.edu.ni\/boletininformativo\/docencia\/estudiantes-que-inspiran-con-lectura-y-creatividad\/\">Estudiantes que inspiran con Lectura y Creatividad<\/a><div class=\"wp-block-latest-posts__post-excerpt\">En el marco de la celebraci\u00f3n del D\u00eda Mundial del Libro y del Derecho de Autor, estudiantes de primer a\u00f1o de la Coordinaci\u00f3n de Ingenier\u00edas e Inform\u00e1tica de la Universidad&hellip; <\/div><\/li>\n<li><div class=\"wp-block-latest-posts__featured-image\"><img loading=\"lazy\" decoding=\"async\" width=\"150\" height=\"150\" src=\"https:\/\/www.ucc.edu.ni\/boletininformativo\/php_assets\/uploads\/2025\/04\/Recital-de-Poesia-150x150.jpg\" class=\"attachment-thumbnail size-thumbnail wp-post-image\" alt=\"\" style=\"\" \/><\/div><a class=\"wp-block-latest-posts__post-title\" href=\"https:\/\/www.ucc.edu.ni\/boletininformativo\/docencia\/recital-de-poesia-fortalece-la-educacion-cultural\/\">Recital de Poes\u00eda fortalece la Educaci\u00f3n Cultural<\/a><div class=\"wp-block-latest-posts__post-excerpt\">La poes\u00eda es un elemento que sensibiliza, educa y transforma. Es por ello que los estudiantes de la carrera de Medicina Veterinaria de la Universidad de Ciencias Comerciales UCC, demostraron&hellip; <\/div><\/li>\n<li><div class=\"wp-block-latest-posts__featured-image\"><img loading=\"lazy\" decoding=\"async\" width=\"150\" height=\"150\" src=\"https:\/\/www.ucc.edu.ni\/boletininformativo\/php_assets\/uploads\/2025\/04\/Caminata-Educativa-150x150.jpg\" class=\"attachment-thumbnail size-thumbnail wp-post-image\" alt=\"\" style=\"\" \/><\/div><a class=\"wp-block-latest-posts__post-title\" href=\"https:\/\/www.ucc.edu.ni\/boletininformativo\/docencia\/caminata-educativa-al-cerro-apante\/\">Caminata Educativa al Cerro Apante<\/a><div class=\"wp-block-latest-posts__post-excerpt\">Con el objetivo de fortalecer la conciencia ambiental y promover el turismo sostenible, estudiantes de primer a\u00f1o de la carrera de Ingenier\u00eda Civil de la Universidad de Ciencias Comerciales (UCC),&hellip; <\/div><\/li>\n<li><div class=\"wp-block-latest-posts__featured-image\"><img loading=\"lazy\" decoding=\"async\" width=\"150\" height=\"150\" src=\"https:\/\/www.ucc.edu.ni\/boletininformativo\/php_assets\/uploads\/2025\/04\/Mando-Integral-150x150.png\" class=\"attachment-thumbnail size-thumbnail wp-post-image\" alt=\"\" style=\"\" \/><\/div><a class=\"wp-block-latest-posts__post-title\" href=\"https:\/\/www.ucc.edu.ni\/boletininformativo\/docencia\/inicia-curso-de-cuadro-de-mando-integral-en-campus-leon\/\">Inicia Curso de Cuadro de Mando Integral en Campus Le\u00f3n<\/a><div class=\"wp-block-latest-posts__post-excerpt\">La Universidad de Ciencias Comerciales (UCC), Campus Le\u00f3n, dio inicio al curso de Cuadro de Mando Integral, una formaci\u00f3n avanzada en gesti\u00f3n estrat\u00e9gica, organizada por la Coordinaci\u00f3n de Posgrado y&hellip; <\/div><\/li>\n<li><div class=\"wp-block-latest-posts__featured-image\"><img loading=\"lazy\" decoding=\"async\" width=\"150\" height=\"150\" src=\"https:\/\/www.ucc.edu.ni\/boletininformativo\/php_assets\/uploads\/2025\/04\/Talento-y-Creatividad-150x150.jpg\" class=\"attachment-thumbnail size-thumbnail wp-post-image\" alt=\"\" style=\"\" \/><\/div><a class=\"wp-block-latest-posts__post-title\" href=\"https:\/\/www.ucc.edu.ni\/boletininformativo\/docencia\/puesta-en-escena-el-talento-y-la-creatividad\/\">Puesta en escena el Talento y la Creatividad<\/a><div class=\"wp-block-latest-posts__post-excerpt\">La Universidad de Ciencias Comerciales (UCC), Campus Matagalpa, dando seguimiento al desarrollo de las actividades nos unimos con significado patri\u00f3tico, la comunidad educativa al Circuito Art\u00edstico \u201cAbril Creativo\u201d.&nbsp; y mes&hellip; <\/div><\/li>\n<li><div class=\"wp-block-latest-posts__featured-image\"><img loading=\"lazy\" decoding=\"async\" width=\"150\" height=\"150\" src=\"https:\/\/www.ucc.edu.ni\/boletininformativo\/php_assets\/uploads\/2025\/04\/Crecimiento-Profesional-150x150.jpg\" class=\"attachment-thumbnail size-thumbnail wp-post-image\" alt=\"\" style=\"\" \/><\/div><a class=\"wp-block-latest-posts__post-title\" href=\"https:\/\/www.ucc.edu.ni\/boletininformativo\/destacadas\/diplomados-de-la-ucc-impulsan-el-crecimiento-profesional\/\">Diplomados de la UCC impulsan el crecimiento Profesional<\/a><div class=\"wp-block-latest-posts__post-excerpt\">La Universidad de Ciencias Comerciales (UCC), a trav\u00e9s de su Direcci\u00f3n de Posgrado y Educaci\u00f3n Continua, llev\u00f3 a cabo la ceremonia de entrega de certificados a los participantes que culminaron&hellip; <\/div><\/li>\n<li><div class=\"wp-block-latest-posts__featured-image\"><img loading=\"lazy\" decoding=\"async\" width=\"150\" height=\"150\" src=\"https:\/\/www.ucc.edu.ni\/boletininformativo\/php_assets\/uploads\/2025\/04\/Encuentro-de-Socializacion-150x150.jpg\" class=\"attachment-thumbnail size-thumbnail wp-post-image\" alt=\"\" style=\"\" \/><\/div><a class=\"wp-block-latest-posts__post-title\" href=\"https:\/\/www.ucc.edu.ni\/boletininformativo\/destacadas\/graduados-ucc-participan-en-encuentro-de-socializacion\/\">Graduados UCC participan en Encuentro de Socializaci\u00f3n<\/a><div class=\"wp-block-latest-posts__post-excerpt\">Con el objetivo de fortalecer los lazos con sus egresados y promover su desarrollo profesional, la Universidad de Ciencias Comerciales (UCC), Sede Central Managua, realiz\u00f3 el Primer Encuentro de Socializaci\u00f3n&hellip; <\/div><\/li>\n<li><div class=\"wp-block-latest-posts__featured-image\"><img loading=\"lazy\" decoding=\"async\" width=\"150\" height=\"150\" src=\"https:\/\/www.ucc.edu.ni\/boletininformativo\/php_assets\/uploads\/2025\/04\/LECCION-INAUGURAL-2025-150x150.jpg\" class=\"attachment-thumbnail size-thumbnail wp-post-image\" alt=\"\" style=\"\" \/><\/div><a class=\"wp-block-latest-posts__post-title\" href=\"https:\/\/www.ucc.edu.ni\/boletininformativo\/abril-2025\/leccion-inaugural-2025\/\">Lecci\u00f3n Inaugural del A\u00f1o Acad\u00e9mico 2025<\/a><div class=\"wp-block-latest-posts__post-excerpt\">\u201cImportancia del control para el desarrollo empresarial\u201d fue el tema de la conferencia impartida por el Presidente del Colegio de Contadores P\u00fablicos de Nicaragua, MSc. Reynaldo G\u00f3mez Gonz\u00e1lez, en la&hellip; <\/div><\/li>\n<li><div class=\"wp-block-latest-posts__featured-image\"><img loading=\"lazy\" decoding=\"async\" width=\"150\" height=\"150\" src=\"https:\/\/www.ucc.edu.ni\/boletininformativo\/php_assets\/uploads\/2025\/04\/UCC-TIGO-150x150.jpg\" class=\"attachment-thumbnail size-thumbnail wp-post-image\" alt=\"\" style=\"\" \/><\/div><a class=\"wp-block-latest-posts__post-title\" href=\"https:\/\/www.ucc.edu.ni\/boletininformativo\/abril-2025\/ucc-y-tigo-nicaragua-firman-convenio\/\">UCC y Tigo Nicaragua firman Convenio<\/a><div class=\"wp-block-latest-posts__post-excerpt\">La Universidad de Ciencias Comerciales (UCC) y Tigo Nicaragua, establecieron un Convenio de Colaboraci\u00f3n con el objetivo de implementar iniciativas conjuntas en beneficio de la comunidad educativa. Este acuerdo permitir\u00e1&hellip; <\/div><\/li>\n<\/ul>","protected":false},"excerpt":{"rendered":"","protected":false},"author":1,"featured_media":0,"parent":0,"menu_order":0,"comment_status":"closed","ping_status":"closed","template":"","meta":{"footnotes":""},"class_list":["post-2098","page","type-page","status-publish","hentry"],"_links":{"self":[{"href":"https:\/\/www.ucc.edu.ni\/boletininformativo\/wp-json\/wp\/v2\/pages\/2098","targetHints":{"allow":["GET"]}}],"collection":[{"href":"https:\/\/www.ucc.edu.ni\/boletininformativo\/wp-json\/wp\/v2\/pages"}],"about":[{"href":"https:\/\/www.ucc.edu.ni\/boletininformativo\/wp-json\/wp\/v2\/types\/page"}],"author":[{"embeddable":true,"href":"https:\/\/www.ucc.edu.ni\/boletininformativo\/wp-json\/wp\/v2\/users\/1"}],"replies":[{"embeddable":true,"href":"https:\/\/www.ucc.edu.ni\/boletininformativo\/wp-json\/wp\/v2\/comments?post=2098"}],"version-history":[{"count":1,"href":"https:\/\/www.ucc.edu.ni\/boletininformativo\/wp-json\/wp\/v2\/pages\/2098\/revisions"}],"predecessor-version":[{"id":2099,"href":"https:\/\/www.ucc.edu.ni\/boletininformativo\/wp-json\/wp\/v2\/pages\/2098\/revisions\/2099"}],"wp:attachment":[{"href":"https:\/\/www.ucc.edu.ni\/boletininformativo\/wp-json\/wp\/v2\/media?parent=2098"}],"curies":[{"name":"wp","href":"https:\/\/api.w.org\/{rel}","templated":true}]}}