{"id":1952,"date":"2025-03-30T08:26:50","date_gmt":"2025-03-30T14:26:50","guid":{"rendered":"https:\/\/www.ucc.edu.ni\/boletininformativo\/?page_id=1952"},"modified":"2025-03-30T08:26:51","modified_gmt":"2025-03-30T14:26:51","slug":"febrero-2025","status":"publish","type":"page","link":"https:\/\/www.ucc.edu.ni\/boletininformativo\/febrero-2025\/","title":{"rendered":"FEBRERO 2025"},"content":{"rendered":"<ul class=\"wp-block-latest-posts__list is-grid columns-3 wp-block-latest-posts\"><li><div class=\"wp-block-latest-posts__featured-image\"><img loading=\"lazy\" decoding=\"async\" width=\"150\" height=\"150\" src=\"https:\/\/www.ucc.edu.ni\/boletininformativo\/php_assets\/uploads\/2025\/02\/Encuentro-Nacional-150x150.jpg\" class=\"attachment-thumbnail size-thumbnail wp-post-image\" alt=\"\" style=\"\" \/><\/div><a class=\"wp-block-latest-posts__post-title\" href=\"https:\/\/www.ucc.edu.ni\/boletininformativo\/docencia\/campus-matagalpa-participa-en-encuentro-nacional-multi-colecciones\/\">Campus Matagalpa participa en Encuentro Nacional Multi colecciones<\/a><div class=\"wp-block-latest-posts__post-excerpt\">Los estudiantes de primer a\u00f1o de la carrera de Derecho del turno sabatino de la Universidad de Ciencias Comerciales (UCC), Campus Matagalpa, participaron del IV Encuentro Nacional Multi coleccionismo organizado&hellip; <\/div><\/li>\n<li><div class=\"wp-block-latest-posts__featured-image\"><img loading=\"lazy\" decoding=\"async\" width=\"150\" height=\"150\" src=\"https:\/\/www.ucc.edu.ni\/boletininformativo\/php_assets\/uploads\/2025\/02\/Diplomado-Telecomunicaciones-150x150.jpg\" class=\"attachment-thumbnail size-thumbnail wp-post-image\" alt=\"\" style=\"\" \/><\/div><a class=\"wp-block-latest-posts__post-title\" href=\"https:\/\/www.ucc.edu.ni\/boletininformativo\/docencia\/diplomado-fortalecera-conocimientos-en-telecomunicaciones\/\">Diplomado fortalecer\u00e1 conocimientos en Telecomunicaciones<\/a><div class=\"wp-block-latest-posts__post-excerpt\">Inici\u00f3 este s\u00e1bado en la Universidad de Ciencias Comerciales UCC, a trav\u00e9s de la Direcci\u00f3n de Tecnolog\u00eda de Informaci\u00f3n y Comunicaci\u00f3n TIC, el Diplomado; Dise\u00f1o e implementaci\u00f3n de Redes de&hellip; <\/div><\/li>\n<li><div class=\"wp-block-latest-posts__featured-image\"><img loading=\"lazy\" decoding=\"async\" width=\"150\" height=\"150\" src=\"https:\/\/www.ucc.edu.ni\/boletininformativo\/php_assets\/uploads\/2025\/02\/Logistica-y-Cadena-de-Suministros-150x150.jpeg\" class=\"attachment-thumbnail size-thumbnail wp-post-image\" alt=\"\" style=\"\" \/><\/div><a class=\"wp-block-latest-posts__post-title\" href=\"https:\/\/www.ucc.edu.ni\/boletininformativo\/docencia\/inicia-diplomado-en-logistica-y-cadena-de-suministros\/\">Inicia Diplomado en Log\u00edstica y Cadena de Suministros<\/a><div class=\"wp-block-latest-posts__post-excerpt\">Con la participaci\u00f3n de 15 estudiantes, la Universidad de Ciencias Comerciales (UCC), Sede Central Managua, a trav\u00e9s de la Coordinaci\u00f3n de Ingenier\u00eda Industrial, inaugur\u00f3 el&nbsp;Diplomado en Gesti\u00f3n de la Cadena&hellip; <\/div><\/li>\n<li><div class=\"wp-block-latest-posts__featured-image\"><img loading=\"lazy\" decoding=\"async\" width=\"150\" height=\"150\" src=\"https:\/\/www.ucc.edu.ni\/boletininformativo\/php_assets\/uploads\/2025\/02\/Amistad-y-dulces-150x150.jpg\" class=\"attachment-thumbnail size-thumbnail wp-post-image\" alt=\"\" style=\"\" \/><\/div><a class=\"wp-block-latest-posts__post-title\" href=\"https:\/\/www.ucc.edu.ni\/boletininformativo\/docencia\/abrazo-amistad-y-dulces\/\">Abrazo, amistad y dulces<\/a><div class=\"wp-block-latest-posts__post-excerpt\">En un ambiente de uni\u00f3n y compa\u00f1erismo, estudiantes del turno diurno de la Universidad de Ciencias Comerciales UCC, Sede Central Managua, se unieron a la celebraci\u00f3n del D\u00eda del Amor&hellip; <\/div><\/li>\n<li><div class=\"wp-block-latest-posts__featured-image\"><img loading=\"lazy\" decoding=\"async\" width=\"150\" height=\"150\" src=\"https:\/\/www.ucc.edu.ni\/boletininformativo\/php_assets\/uploads\/2025\/02\/Identidad-nacional-150x150.jpeg\" class=\"attachment-thumbnail size-thumbnail wp-post-image\" alt=\"\" style=\"\" \/><\/div><a class=\"wp-block-latest-posts__post-title\" href=\"https:\/\/www.ucc.edu.ni\/boletininformativo\/docencia\/clases-practicas-fomentan-el-analisis-sobre-la-identidad-nacional\/\">Clases pr\u00e1cticas fomentan el An\u00e1lisis sobre la Identidad Nacional<\/a><div class=\"wp-block-latest-posts__post-excerpt\">Los estudiantes de primer a\u00f1o, turno Diurno, de la Universidad de Ciencias Comerciales UCC, Sede Central Managua, que cursan la asignatura&nbsp;Identidad Nacional y Orgullo Patrio, han profundizado sus conocimientos a&hellip; <\/div><\/li>\n<li><div class=\"wp-block-latest-posts__featured-image\"><img loading=\"lazy\" decoding=\"async\" width=\"150\" height=\"150\" src=\"https:\/\/www.ucc.edu.ni\/boletininformativo\/php_assets\/uploads\/2025\/02\/CNU-y-UCC-150x150.jpg\" class=\"attachment-thumbnail size-thumbnail wp-post-image\" alt=\"\" style=\"\" \/><\/div><a class=\"wp-block-latest-posts__post-title\" href=\"https:\/\/www.ucc.edu.ni\/boletininformativo\/docencia\/cnu-y-ucc-trabajan-en-la-armonizacion-curricular-de-medicina-veterinaria\/\">CNU y UCC trabajan en la armonizaci\u00f3n curricular de Medicina Veterinaria<\/a><div class=\"wp-block-latest-posts__post-excerpt\">La Universidad de Ciencias Comerciales (UCC), recibi\u00f3 este lunes a miembros de la Direcci\u00f3n de Desarrollo Curricular del Consejo Nacional de Universidades (CNU), con el objetivo de orientar el Proceso&hellip; <\/div><\/li>\n<li><div class=\"wp-block-latest-posts__featured-image\"><img loading=\"lazy\" decoding=\"async\" width=\"150\" height=\"150\" src=\"https:\/\/www.ucc.edu.ni\/boletininformativo\/php_assets\/uploads\/2025\/02\/Curso-de-Induccion-150x150.jpg\" class=\"attachment-thumbnail size-thumbnail wp-post-image\" alt=\"\" style=\"\" \/><\/div><a class=\"wp-block-latest-posts__post-title\" href=\"https:\/\/www.ucc.edu.ni\/boletininformativo\/docencia\/estudiantes-de-nuevo-ingreso-culminan-con-exito-el-curso-de-induccion\/\">Estudiantes de nuevo ingreso culminan con \u00e9xito el Curso de Inducci\u00f3n<\/a><div class=\"wp-block-latest-posts__post-excerpt\">Este martes, los estudiantes de nuevo ingreso del turno Diurno, de la Universidad de Ciencias Comerciales (UCC), Sede Central Managua, participaron en el segundo y \u00faltimo d\u00eda del&nbsp;Curso de Inducci\u00f3n&hellip; <\/div><\/li>\n<li><div class=\"wp-block-latest-posts__featured-image\"><img loading=\"lazy\" decoding=\"async\" width=\"150\" height=\"150\" src=\"https:\/\/www.ucc.edu.ni\/boletininformativo\/php_assets\/uploads\/2025\/02\/UCC-y-Nestle-150x150.jpg\" class=\"attachment-thumbnail size-thumbnail wp-post-image\" alt=\"\" style=\"\" \/><\/div><a class=\"wp-block-latest-posts__post-title\" href=\"https:\/\/www.ucc.edu.ni\/boletininformativo\/gestion-institucional\/todo-listo-para-firma-de-convenio-entre-ucc-y-nestle\/\">Todo listo para firma de Convenio entre UCC y Nestl\u00e9<\/a><div class=\"wp-block-latest-posts__post-excerpt\">Con el fin de estructurar la firma de un convenio marco de colaboraci\u00f3n entre la Universidad de Ciencias Comerciales (UCC) y la empresa Nestl\u00e9, se llev\u00f3 a cabo una mesa&hellip; <\/div><\/li>\n<li><div class=\"wp-block-latest-posts__featured-image\"><img loading=\"lazy\" decoding=\"async\" width=\"150\" height=\"150\" src=\"https:\/\/www.ucc.edu.ni\/boletininformativo\/php_assets\/uploads\/2025\/02\/Tour-en-Matagalpa-150x150.jpg\" class=\"attachment-thumbnail size-thumbnail wp-post-image\" alt=\"\" style=\"\" \/><\/div><a class=\"wp-block-latest-posts__post-title\" href=\"https:\/\/www.ucc.edu.ni\/boletininformativo\/docencia\/estudiantes-de-turismo-realizan-city-tour-en-matagalpa\/\">Estudiantes de Turismo realizan City Tour en Matagalpa<\/a><div class=\"wp-block-latest-posts__post-excerpt\">Los estudiantes de primer a\u00f1o de la carrera de&nbsp;Administraci\u00f3n de Empresas Tur\u00edsticas y Hoteleras,&nbsp;del turno sabatino, de la&nbsp;Universidad deCiencias Comerciales (UCC) Campus Matagalpa,realizaron un emocionanteCity Tour&nbsp;como parte de la asignatura:&nbsp;Introducci\u00f3n&hellip; <\/div><\/li>\n<li><div class=\"wp-block-latest-posts__featured-image\"><img loading=\"lazy\" decoding=\"async\" width=\"150\" height=\"150\" src=\"https:\/\/www.ucc.edu.ni\/boletininformativo\/php_assets\/uploads\/2025\/02\/Derecho-Laboral-150x150.jpg\" class=\"attachment-thumbnail size-thumbnail wp-post-image\" alt=\"\" style=\"\" \/><\/div><a class=\"wp-block-latest-posts__post-title\" href=\"https:\/\/www.ucc.edu.ni\/boletininformativo\/docencia\/especialista-en-derecho-laboral-capacita-a-estudiantes-de-ucc\/\">Especialista en Derecho Laboral capacita a Estudiantes de UCC<\/a><div class=\"wp-block-latest-posts__post-excerpt\">Con el objetivo de fortalecer las competencias de los futuros profesionales en el \u00e1mbito legal, financiero y empresarial, la Universidad de Ciencias Comerciales (UCC), Sede Central Managua, a trav\u00e9s de&hellip; <\/div><\/li>\n<li><div class=\"wp-block-latest-posts__featured-image\"><img loading=\"lazy\" decoding=\"async\" width=\"150\" height=\"150\" src=\"https:\/\/www.ucc.edu.ni\/boletininformativo\/php_assets\/uploads\/2025\/02\/Conversatorio-sobre-Dario-150x150.jpg\" class=\"attachment-thumbnail size-thumbnail wp-post-image\" alt=\"\" style=\"\" \/><\/div><a class=\"wp-block-latest-posts__post-title\" href=\"https:\/\/www.ucc.edu.ni\/boletininformativo\/docencia\/conversatorio-sobre-dario-promueve-la-identidad-cultural\/\">Conversatorio sobre Dar\u00edo promueve la Identidad Cultural<\/a><div class=\"wp-block-latest-posts__post-excerpt\">Con la asistencia de autoridades superiores, estudiantes y docentes de la&nbsp;Universidad de Ciencias Comerciales (UCC), se realiz\u00f3 el conversatorio&nbsp;\u201c\u00bfQu\u00e9 tanto sabes de Dar\u00edo?\u201d, en conmemoraci\u00f3n del 158 aniversario del natalicio&hellip; <\/div><\/li>\n<li><div class=\"wp-block-latest-posts__featured-image\"><img loading=\"lazy\" decoding=\"async\" width=\"150\" height=\"150\" src=\"https:\/\/www.ucc.edu.ni\/boletininformativo\/php_assets\/uploads\/2025\/02\/Brigada-de-Seguridad-UCC-150x150.jpg\" class=\"attachment-thumbnail size-thumbnail wp-post-image\" alt=\"\" style=\"\" \/><\/div><a class=\"wp-block-latest-posts__post-title\" href=\"https:\/\/www.ucc.edu.ni\/boletininformativo\/gestion-institucional\/cuerpo-de-bomberos-capacita-a-brigada-de-seguridad-de-ucc\/\">Cuerpo de Bomberos capacita a Brigada de Seguridad de UCC<\/a><div class=\"wp-block-latest-posts__post-excerpt\">Colaboradores de la Universidad de Ciencias Comerciales UCC, Sede Central Managua, que integran la Brigada de Seguridad contra Incendios, recibieron una capacitaci\u00f3n te\u00f3rico-pr\u00e1ctica sobre el uso de extintores, impartida por&hellip; <\/div><\/li>\n<li><div class=\"wp-block-latest-posts__featured-image\"><img loading=\"lazy\" decoding=\"async\" width=\"150\" height=\"150\" src=\"https:\/\/www.ucc.edu.ni\/boletininformativo\/php_assets\/uploads\/2025\/02\/Nueva-asignatura-150x150.jpg\" class=\"attachment-thumbnail size-thumbnail wp-post-image\" alt=\"\" style=\"\" \/><\/div><a class=\"wp-block-latest-posts__post-title\" href=\"https:\/\/www.ucc.edu.ni\/boletininformativo\/docencia\/ucc-promueve-valores-nacionales-con-nueva-asignatura\/\">UCC promueve valores Nacionales con nueva Asignatura<\/a><div class=\"wp-block-latest-posts__post-excerpt\">En cumplimiento con los lineamientos establecidos por el&nbsp;Consejo Nacional de Universidades (CNU), estudiantes de nuevo ingreso del turno sabatino, de la Universidad de Ciencias Comerciales UCC, recibieron este s\u00e1bado la&hellip; <\/div><\/li>\n<li><div class=\"wp-block-latest-posts__featured-image\"><img loading=\"lazy\" decoding=\"async\" width=\"150\" height=\"150\" src=\"https:\/\/www.ucc.edu.ni\/boletininformativo\/php_assets\/uploads\/2025\/02\/Club-de-Investigacion-150x150.png\" class=\"attachment-thumbnail size-thumbnail wp-post-image\" alt=\"\" style=\"\" \/><\/div><a class=\"wp-block-latest-posts__post-title\" href=\"https:\/\/www.ucc.edu.ni\/boletininformativo\/docencia\/primera-sesion-academica-del-club-de-investigacion\/\">Primera sesi\u00f3n Acad\u00e9mica del Club de Investigaci\u00f3n<\/a><div class=\"wp-block-latest-posts__post-excerpt\">La Universidad de Ciencias Comerciales (UCC), Campus Le\u00f3n, dio inicio a las actividades del Club de Investigaci\u00f3n con una Gira de Campo en el Circuito Creativo Dariano, en el marco&hellip; <\/div><\/li>\n<li><div class=\"wp-block-latest-posts__featured-image\"><img loading=\"lazy\" decoding=\"async\" width=\"150\" height=\"150\" src=\"https:\/\/www.ucc.edu.ni\/boletininformativo\/php_assets\/uploads\/2025\/02\/Ambientacion-Universitaria-150x150.jpeg\" class=\"attachment-thumbnail size-thumbnail wp-post-image\" alt=\"\" style=\"\" \/><\/div><a class=\"wp-block-latest-posts__post-title\" href=\"https:\/\/www.ucc.edu.ni\/boletininformativo\/docencia\/estudiantes-culminan-curso-de-ambientacion-universitaria-2\/\">Estudiantes culminan Curso de Ambientaci\u00f3n Universitaria<\/a><div class=\"wp-block-latest-posts__post-excerpt\">Con el objetivo de facilitar la adaptaci\u00f3n de los estudiantes de primer ingreso a la vida acad\u00e9mica, culmin\u00f3 con mucho \u00e9xito en la Universidad de Ciencias Comerciales UCC, Sede Central&hellip; <\/div><\/li>\n<li><div class=\"wp-block-latest-posts__featured-image\"><img loading=\"lazy\" decoding=\"async\" width=\"150\" height=\"150\" src=\"https:\/\/www.ucc.edu.ni\/boletininformativo\/php_assets\/uploads\/2025\/02\/Hechos-historicos-150x150.jpg\" class=\"attachment-thumbnail size-thumbnail wp-post-image\" alt=\"\" style=\"\" \/><\/div><a class=\"wp-block-latest-posts__post-title\" href=\"https:\/\/www.ucc.edu.ni\/boletininformativo\/docencia\/periodista-comparte-hechos-historicos\/\">Periodista comparte hechos Hist\u00f3ricos<\/a><div class=\"wp-block-latest-posts__post-excerpt\">En el marco de la asignatura de Identidad Nacional y Orgullo Patrio, estudiantes de primer a\u00f1o de la Universidad de Ciencias Comerciales (UCC), Sede Central Managua, participaron en un conversatorio&hellip; <\/div><\/li>\n<li><div class=\"wp-block-latest-posts__featured-image\"><img loading=\"lazy\" decoding=\"async\" width=\"150\" height=\"150\" src=\"https:\/\/www.ucc.edu.ni\/boletininformativo\/php_assets\/uploads\/2025\/02\/Mascotas-alimentadas-150x150.jpg\" class=\"attachment-thumbnail size-thumbnail wp-post-image\" alt=\"\" style=\"\" \/><\/div><a class=\"wp-block-latest-posts__post-title\" href=\"https:\/\/www.ucc.edu.ni\/boletininformativo\/destacadas\/mas-mascotas-alimentadas-refugios-reciben-apoyo-de-ucc\/\">M\u00e1s mascotas alimentadas: Refugios reciben apoyo de UCC<\/a><div class=\"wp-block-latest-posts__post-excerpt\">Rescatistas independientes y casas hogar para animales de Managua fueron beneficiados con la entrega de alimentos para perros y gatos, como parte del programa&nbsp;&#8220;Ayuda a una mascota sin hogar&#8221;,&nbsp;impulsado por&hellip; <\/div><\/li>\n<li><div class=\"wp-block-latest-posts__featured-image\"><img loading=\"lazy\" decoding=\"async\" width=\"150\" height=\"150\" src=\"https:\/\/www.ucc.edu.ni\/boletininformativo\/php_assets\/uploads\/2025\/02\/UCC-y-HR-Academy-150x150.jpg\" class=\"attachment-thumbnail size-thumbnail wp-post-image\" alt=\"\" style=\"\" \/><\/div><a class=\"wp-block-latest-posts__post-title\" href=\"https:\/\/www.ucc.edu.ni\/boletininformativo\/destacadas\/ucc-y-hr-academy-nicaragua-impulsaran-la-formacion-continua\/\">UCC y HR Academy Nicaragua impulsar\u00e1n la Formaci\u00f3n Continua<\/a><div class=\"wp-block-latest-posts__post-excerpt\">Ante la necesidad de fortalecer la capacitaci\u00f3n de los profesionales en Nicaragua, la Universidad de Ciencias Comerciales (UCC) y HR Academy Nicaragua, firmaron una Carta de Entendimiento para la ejecuci\u00f3n&hellip; <\/div><\/li>\n<li><div class=\"wp-block-latest-posts__featured-image\"><img loading=\"lazy\" decoding=\"async\" width=\"150\" height=\"150\" src=\"https:\/\/www.ucc.edu.ni\/boletininformativo\/php_assets\/uploads\/2025\/02\/Maestrantes-scaled-e1740765105464-150x150.jpg\" class=\"attachment-thumbnail size-thumbnail wp-post-image\" alt=\"\" style=\"\" \/><\/div><a class=\"wp-block-latest-posts__post-title\" href=\"https:\/\/www.ucc.edu.ni\/boletininformativo\/febrero-2025\/primeros-maestrantes-defienden-trabajos-finales\/\">Primeros Maestrantes defienden Trabajos Finales<\/a><div class=\"wp-block-latest-posts__post-excerpt\">Ayer, domingo, cinco maestrantes de la Maestr\u00eda Ejecutiva en Direcci\u00f3n de Empresas MEDE, promovida por la Direcci\u00f3n de Posgrado y Educaci\u00f3n Continua, de la Universidad de Ciencias Comerciales (UCC), defendieron&hellip; <\/div><\/li>\n<li><div class=\"wp-block-latest-posts__featured-image\"><img loading=\"lazy\" decoding=\"async\" width=\"150\" height=\"150\" src=\"https:\/\/www.ucc.edu.ni\/boletininformativo\/php_assets\/uploads\/2025\/02\/Alianza-UCC-IMMANTI-150x150.jpg\" class=\"attachment-thumbnail size-thumbnail wp-post-image\" alt=\"\" style=\"\" \/><\/div><a class=\"wp-block-latest-posts__post-title\" href=\"https:\/\/www.ucc.edu.ni\/boletininformativo\/febrero-2025\/alianza-ucc-immanti-fortalecera-la-educacion-artistica-y-cultural\/\">Alianza UCC-IMMANTI fortalecer\u00e1 la Educaci\u00f3n Art\u00edstica y Cultural<\/a><div class=\"wp-block-latest-posts__post-excerpt\">Como parte del compromiso con el arte y la educaci\u00f3n, la Universidad de Ciencias Comerciales (UCC) y el Colectivo de Artistas Pl\u00e1sticos IMMANTI establecieron un importante Convenio de Colaboraci\u00f3n, que&hellip; <\/div><\/li>\n<\/ul>","protected":false},"excerpt":{"rendered":"","protected":false},"author":1,"featured_media":0,"parent":0,"menu_order":0,"comment_status":"closed","ping_status":"closed","template":"","meta":{"footnotes":""},"class_list":["post-1952","page","type-page","status-publish","hentry"],"_links":{"self":[{"href":"https:\/\/www.ucc.edu.ni\/boletininformativo\/wp-json\/wp\/v2\/pages\/1952","targetHints":{"allow":["GET"]}}],"collection":[{"href":"https:\/\/www.ucc.edu.ni\/boletininformativo\/wp-json\/wp\/v2\/pages"}],"about":[{"href":"https:\/\/www.ucc.edu.ni\/boletininformativo\/wp-json\/wp\/v2\/types\/page"}],"author":[{"embeddable":true,"href":"https:\/\/www.ucc.edu.ni\/boletininformativo\/wp-json\/wp\/v2\/users\/1"}],"replies":[{"embeddable":true,"href":"https:\/\/www.ucc.edu.ni\/boletininformativo\/wp-json\/wp\/v2\/comments?post=1952"}],"version-history":[{"count":1,"href":"https:\/\/www.ucc.edu.ni\/boletininformativo\/wp-json\/wp\/v2\/pages\/1952\/revisions"}],"predecessor-version":[{"id":1953,"href":"https:\/\/www.ucc.edu.ni\/boletininformativo\/wp-json\/wp\/v2\/pages\/1952\/revisions\/1953"}],"wp:attachment":[{"href":"https:\/\/www.ucc.edu.ni\/boletininformativo\/wp-json\/wp\/v2\/media?parent=1952"}],"curies":[{"name":"wp","href":"https:\/\/api.w.org\/{rel}","templated":true}]}}