{"id":1664,"date":"2024-11-30T16:10:26","date_gmt":"2024-11-30T22:10:26","guid":{"rendered":"https:\/\/www.ucc.edu.ni\/boletininformativo\/?page_id=1664"},"modified":"2024-11-30T16:10:26","modified_gmt":"2024-11-30T22:10:26","slug":"octubre-2024-2","status":"publish","type":"page","link":"https:\/\/www.ucc.edu.ni\/boletininformativo\/octubre-2024-2\/","title":{"rendered":"OCTUBRE 2024"},"content":{"rendered":"<ul class=\"wp-block-latest-posts__list is-grid columns-3 wp-block-latest-posts\"><li><div class=\"wp-block-latest-posts__featured-image\"><img loading=\"lazy\" decoding=\"async\" width=\"150\" height=\"150\" src=\"https:\/\/www.ucc.edu.ni\/boletininformativo\/php_assets\/uploads\/2024\/10\/Rumbo-al-Hackathon-2024-150x150.jpeg\" class=\"attachment-thumbnail size-thumbnail wp-post-image\" alt=\"\" style=\"\" \/><\/div><a class=\"wp-block-latest-posts__post-title\" href=\"https:\/\/www.ucc.edu.ni\/boletininformativo\/docencia\/talento-ucc-rumbo-al-hackathon-nicaragua-2024\/\">Talento UCC rumbo al Hackathon Nicaragua 2024<\/a><div class=\"wp-block-latest-posts__post-excerpt\">Los estudiantes de primer a\u00f1o de la carrera de Ingenier\u00eda en Inform\u00e1tica y Telecomunicaciones, de la Universidad de Ciencias Comerciales&hellip; <\/div><\/li>\n<li><div class=\"wp-block-latest-posts__featured-image\"><img loading=\"lazy\" decoding=\"async\" width=\"150\" height=\"150\" src=\"https:\/\/www.ucc.edu.ni\/boletininformativo\/php_assets\/uploads\/2024\/10\/Copa-UCC-2024-150x150.jpeg\" class=\"attachment-thumbnail size-thumbnail wp-post-image\" alt=\"\" style=\"\" \/><\/div><a class=\"wp-block-latest-posts__post-title\" href=\"https:\/\/www.ucc.edu.ni\/boletininformativo\/gestion-institucional\/arranca-la-xix-copa-ucc-2024\/\">Arranca la XIX Copa UCC 2024<\/a><div class=\"wp-block-latest-posts__post-excerpt\">Con gran entusiasmo, la Universidad de Ciencias Comerciales (UCC), dio inicio a la XIX Copa UCC 2024, un evento donde&hellip; <\/div><\/li>\n<li><div class=\"wp-block-latest-posts__featured-image\"><img loading=\"lazy\" decoding=\"async\" width=\"150\" height=\"150\" src=\"https:\/\/www.ucc.edu.ni\/boletininformativo\/php_assets\/uploads\/2024\/10\/Rally-Latinoamericano-150x150.jpeg\" class=\"attachment-thumbnail size-thumbnail wp-post-image\" alt=\"\" style=\"\" \/><\/div><a class=\"wp-block-latest-posts__post-title\" href=\"https:\/\/www.ucc.edu.ni\/boletininformativo\/docencia\/estudiantes-de-ucc-compiten-en-el-rally-latinoamericano\/\">Estudiantes de UCC compiten en el Rally Latinoamericano<\/a><div class=\"wp-block-latest-posts__post-excerpt\">Con gran entusiasmo, estudiantes y docentes de la Universidad de Ciencias Comerciales (UCC), iniciaron la onceava Edici\u00f3n del Rally Latinoamericano&hellip; <\/div><\/li>\n<li><div class=\"wp-block-latest-posts__featured-image\"><img loading=\"lazy\" decoding=\"async\" width=\"150\" height=\"150\" src=\"https:\/\/www.ucc.edu.ni\/boletininformativo\/php_assets\/uploads\/2024\/10\/Campana-de-Reforestacion-2024-150x150.jpeg\" class=\"attachment-thumbnail size-thumbnail wp-post-image\" alt=\"\" style=\"\" \/><\/div><a class=\"wp-block-latest-posts__post-title\" href=\"https:\/\/www.ucc.edu.ni\/boletininformativo\/proyeccion-social\/ucc-clausura-con-exito-la-campana-de-reforestacion-2024\/\">UCC clausura con \u00e9xito la Campa\u00f1a de Reforestaci\u00f3n 2024<\/a><div class=\"wp-block-latest-posts__post-excerpt\">Con la participaci\u00f3n de Autoridades Superiores y Acad\u00e9micas, de la Universidad de Ciencias Comerciales UCC, se realiz\u00f3 la Clausura de&hellip; <\/div><\/li>\n<li><div class=\"wp-block-latest-posts__featured-image\"><img loading=\"lazy\" decoding=\"async\" width=\"150\" height=\"150\" src=\"https:\/\/www.ucc.edu.ni\/boletininformativo\/php_assets\/uploads\/2024\/10\/Fauna-Silvestre-150x150.jpeg\" class=\"attachment-thumbnail size-thumbnail wp-post-image\" alt=\"\" style=\"\" \/><\/div><a class=\"wp-block-latest-posts__post-title\" href=\"https:\/\/www.ucc.edu.ni\/boletininformativo\/docencia\/ucc-promueve-la-proteccion-de-la-fauna-silvestre\/\">UCC promueve la protecci\u00f3n de la Fauna Silvestre<\/a><div class=\"wp-block-latest-posts__post-excerpt\">La Universidad de Ciencias Comerciales (UCC), Sede Central Managua, acogi\u00f3 el Primer Simposio Herpetol\u00f3gico de Nicaragua,&nbsp;&#8220;Conoce el mundo de los&hellip; <\/div><\/li>\n<li><div class=\"wp-block-latest-posts__featured-image\"><img loading=\"lazy\" decoding=\"async\" width=\"150\" height=\"150\" src=\"https:\/\/www.ucc.edu.ni\/boletininformativo\/php_assets\/uploads\/2024\/10\/Reconocimiento-Campus-Leon-150x150.png\" class=\"attachment-thumbnail size-thumbnail wp-post-image\" alt=\"\" style=\"\" \/><\/div><a class=\"wp-block-latest-posts__post-title\" href=\"https:\/\/www.ucc.edu.ni\/boletininformativo\/proyeccion-social\/ucc-campus-leon-recibe-reconocimiento\/\">UCC Campus Le\u00f3n recibe Reconocimiento<\/a><div class=\"wp-block-latest-posts__post-excerpt\">El Grupo Premia ha otorgado un significativo reconocimiento a la Universidad de Ciencias Comerciales (UCC), por su destacado compromiso con&hellip; <\/div><\/li>\n<li><div class=\"wp-block-latest-posts__featured-image\"><img loading=\"lazy\" decoding=\"async\" width=\"150\" height=\"150\" src=\"https:\/\/www.ucc.edu.ni\/boletininformativo\/php_assets\/uploads\/2024\/10\/Taller-de-Oratoria-150x150.jpeg\" class=\"attachment-thumbnail size-thumbnail wp-post-image\" alt=\"\" style=\"\" \/><\/div><a class=\"wp-block-latest-posts__post-title\" href=\"https:\/\/www.ucc.edu.ni\/boletininformativo\/gestion-institucional\/futuros-bachilleres-reciben-taller-de-oratoria\/\">Futuros bachilleres reciben Taller de Oratoria<\/a><div class=\"wp-block-latest-posts__post-excerpt\">Estudiantes de quinto a\u00f1o del Instituto T\u00e9cnico Did\u00e1ctico Jos\u00e9 Dolores Estrada de Managua, participaron este jueves en el Taller de&hellip; <\/div><\/li>\n<li><div class=\"wp-block-latest-posts__featured-image\"><img loading=\"lazy\" decoding=\"async\" width=\"150\" height=\"150\" src=\"https:\/\/www.ucc.edu.ni\/boletininformativo\/php_assets\/uploads\/2024\/10\/Curso-de-Electricidad-150x150.jpeg\" class=\"attachment-thumbnail size-thumbnail wp-post-image\" alt=\"\" style=\"\" \/><\/div><a class=\"wp-block-latest-posts__post-title\" href=\"https:\/\/www.ucc.edu.ni\/boletininformativo\/docencia\/finaliza-con-exito-curso-especializado-en-electricidad\/\">Finaliza con \u00e9xito Curso especializado en Electricidad<\/a><div class=\"wp-block-latest-posts__post-excerpt\">Este domingo concluy\u00f3 en la Universidad de Ciencias Comerciales (UCC), Sede Central Managua, el curso especializado;&nbsp;\u201cElectricidad: Equipos en Baja y&hellip; <\/div><\/li>\n<li><div class=\"wp-block-latest-posts__featured-image\"><img loading=\"lazy\" decoding=\"async\" width=\"150\" height=\"150\" src=\"https:\/\/www.ucc.edu.ni\/boletininformativo\/php_assets\/uploads\/2024\/10\/Cosecha-Cafetalera-2024-2025-150x150.jpg\" class=\"attachment-thumbnail size-thumbnail wp-post-image\" alt=\"\" style=\"\" \/><\/div><a class=\"wp-block-latest-posts__post-title\" href=\"https:\/\/www.ucc.edu.ni\/boletininformativo\/proyeccion-social\/ucc-matagalpa-participa-en-la-apertura-de-la-cosecha-cafetalera-2024-2025\/\">UCC Matagalpa participa en la Apertura de la Cosecha Cafetalera 2024-2025<\/a><div class=\"wp-block-latest-posts__post-excerpt\">La Universidad de Ciencias Comerciales (UCC) Campus Matagalpa, estuvo presente en el Acto Nacional de Apertura de la Cosecha Cafetalera&hellip; <\/div><\/li>\n<li><div class=\"wp-block-latest-posts__featured-image\"><img loading=\"lazy\" decoding=\"async\" width=\"150\" height=\"150\" src=\"https:\/\/www.ucc.edu.ni\/boletininformativo\/php_assets\/uploads\/2024\/10\/Jjornada-Veterinaria-150x150.jpeg\" class=\"attachment-thumbnail size-thumbnail wp-post-image\" alt=\"\" style=\"\" \/><\/div><a class=\"wp-block-latest-posts__post-title\" href=\"https:\/\/www.ucc.edu.ni\/boletininformativo\/docencia\/estudiantes-aplican-conocimientos-en-jornada-veterinaria\/\">Estudiantes aplican conocimientos en Jornada Veterinaria<\/a><div class=\"wp-block-latest-posts__post-excerpt\">Con el objetivo de reforzar sus conocimientos pr\u00e1cticos, estudiantes de primero y cuarto a\u00f1o de la carrera de Medicina Veterinaria,&hellip; <\/div><\/li>\n<li><div class=\"wp-block-latest-posts__featured-image\"><img loading=\"lazy\" decoding=\"async\" width=\"150\" height=\"150\" src=\"https:\/\/www.ucc.edu.ni\/boletininformativo\/php_assets\/uploads\/2024\/10\/UNP-150x150.jpeg\" class=\"attachment-thumbnail size-thumbnail wp-post-image\" alt=\"\" style=\"\" \/><\/div><a class=\"wp-block-latest-posts__post-title\" href=\"https:\/\/www.ucc.edu.ni\/boletininformativo\/docencia\/estudiantes-de-ucc-comparten-su-exito-en-la-unp\/\">Estudiantes de UCC comparten su \u00e9xito en la UNP<\/a><div class=\"wp-block-latest-posts__post-excerpt\">Jorge Treminio y Engel Zapata, estudiantes de primer a\u00f1o de la carrera de Ingenier\u00eda en Inform\u00e1tica y Telecomunicaciones, de la&hellip; <\/div><\/li>\n<li><div class=\"wp-block-latest-posts__featured-image\"><img loading=\"lazy\" decoding=\"async\" width=\"150\" height=\"150\" src=\"https:\/\/www.ucc.edu.ni\/boletininformativo\/php_assets\/uploads\/2024\/10\/Dia-de-la-Resistencia-Indigena-150x150.jpg\" class=\"attachment-thumbnail size-thumbnail wp-post-image\" alt=\"\" style=\"\" \/><\/div><a class=\"wp-block-latest-posts__post-title\" href=\"https:\/\/www.ucc.edu.ni\/boletininformativo\/docencia\/campus-matagalpa-conmemora-el-dia-de-la-resistencia-indigena-negra-y-popular\/\">Campus Matagalpa\u00a0conmemora el D\u00eda de la Resistencia Ind\u00edgena, Negra y Popular<\/a><div class=\"wp-block-latest-posts__post-excerpt\">La Universidad de Ciencias Comerciales (UCC), Campus Matagalpa, celebr\u00f3 el D\u00eda de la Resistencia Ind\u00edgena, Negra y Popular, un evento&hellip; <\/div><\/li>\n<li><div class=\"wp-block-latest-posts__featured-image\"><img loading=\"lazy\" decoding=\"async\" width=\"150\" height=\"150\" src=\"https:\/\/www.ucc.edu.ni\/boletininformativo\/php_assets\/uploads\/2024\/10\/Acervo-Bibliografico-150x150.jpeg\" class=\"attachment-thumbnail size-thumbnail wp-post-image\" alt=\"\" style=\"\" \/><\/div><a class=\"wp-block-latest-posts__post-title\" href=\"https:\/\/www.ucc.edu.ni\/boletininformativo\/gestion-institucional\/ucc-enriquece-su-acervo-bibliografico\/\">UCC enriquece su acervo Bibliogr\u00e1fico<\/a><div class=\"wp-block-latest-posts__post-excerpt\">La Universidad de Ciencias Comerciales (UCC), Sede Central Managua, ha enriquecido su acervo bibliogr\u00e1fico gracias a una valiosa donaci\u00f3n realizada&hellip; <\/div><\/li>\n<li><div class=\"wp-block-latest-posts__featured-image\"><img loading=\"lazy\" decoding=\"async\" width=\"150\" height=\"150\" src=\"https:\/\/www.ucc.edu.ni\/boletininformativo\/php_assets\/uploads\/2024\/10\/Diversidad-Cultural-150x150.png\" class=\"attachment-thumbnail size-thumbnail wp-post-image\" alt=\"\" style=\"\" \/><\/div><a class=\"wp-block-latest-posts__post-title\" href=\"https:\/\/www.ucc.edu.ni\/boletininformativo\/docencia\/celebrando-la-diversidad-cultural-manteniendo-nuestras-tradiciones\/\">Celebrando la Diversidad Cultural: Manteniendo Nuestras Tradiciones<\/a><div class=\"wp-block-latest-posts__post-excerpt\">En conmemoraci\u00f3n del&nbsp;D\u00eda de la Resistencia Ind\u00edgena, Negra y Popular,&nbsp;la Universidad de Ciencias Comerciales (UCC), Campus Le\u00f3n celebr\u00f3 este 12&hellip; <\/div><\/li>\n<li><div class=\"wp-block-latest-posts__featured-image\"><img loading=\"lazy\" decoding=\"async\" width=\"150\" height=\"150\" src=\"https:\/\/www.ucc.edu.ni\/boletininformativo\/php_assets\/uploads\/2024\/10\/Cine-Foro-150x150.jpg\" class=\"attachment-thumbnail size-thumbnail wp-post-image\" alt=\"\" style=\"\" \/><\/div><a class=\"wp-block-latest-posts__post-title\" href=\"https:\/\/www.ucc.edu.ni\/boletininformativo\/investigacion\/cine-foro-sobre-la-trata-de-personas-y-la-esclavitud-moderna\/\">Cine Foro sobre la Trata de Personas y la Esclavitud Moderna<\/a><div class=\"wp-block-latest-posts__post-excerpt\">En la Universidad de Ciencias Comerciales (UCC) Campus Matagalpa, se realiz\u00f3 un Cine Foro organizado por representantes de la Organizaci\u00f3n&hellip; <\/div><\/li>\n<li><div class=\"wp-block-latest-posts__featured-image\"><img loading=\"lazy\" decoding=\"async\" width=\"150\" height=\"150\" src=\"https:\/\/www.ucc.edu.ni\/boletininformativo\/php_assets\/uploads\/2024\/10\/Juego-Amistoso-150x150.jpeg\" class=\"attachment-thumbnail size-thumbnail wp-post-image\" alt=\"\" style=\"\" \/><\/div><a class=\"wp-block-latest-posts__post-title\" href=\"https:\/\/www.ucc.edu.ni\/boletininformativo\/gestion-institucional\/juego-amistoso-en-campus-leon\/\">Juego amistoso en Campus Le\u00f3n<\/a><div class=\"wp-block-latest-posts__post-excerpt\">Como parte de las actividades destinadas a fomentar el bienestar integral de los estudiantes, la Universidad de Ciencias Comerciales (UCC),&hellip; <\/div><\/li>\n<li><div class=\"wp-block-latest-posts__featured-image\"><img loading=\"lazy\" decoding=\"async\" width=\"150\" height=\"150\" src=\"https:\/\/www.ucc.edu.ni\/boletininformativo\/php_assets\/uploads\/2024\/10\/Feria-del-Maiz-150x150.jpg\" class=\"attachment-thumbnail size-thumbnail wp-post-image\" alt=\"\" style=\"\" \/><\/div><a class=\"wp-block-latest-posts__post-title\" href=\"https:\/\/www.ucc.edu.ni\/boletininformativo\/destacadas\/sabores-cultura-y-tradicion-en-la-feria-gastronomica-del-maiz\/\">Sabores, Cultura y Tradici\u00f3n en la Feria Gastron\u00f3mica del Ma\u00edz<\/a><div class=\"wp-block-latest-posts__post-excerpt\">Con un derroche de cultura, sabores y tradici\u00f3n, la Universidad de Ciencias Comerciales (UCC), Sede Central Managua, realiz\u00f3 con \u00e9xito&hellip; <\/div><\/li>\n<li><div class=\"wp-block-latest-posts__featured-image\"><img loading=\"lazy\" decoding=\"async\" width=\"150\" height=\"150\" src=\"https:\/\/www.ucc.edu.ni\/boletininformativo\/php_assets\/uploads\/2024\/10\/Semana-de-la-Arquitectura-150x150.png\" class=\"attachment-thumbnail size-thumbnail wp-post-image\" alt=\"\" style=\"\" \/><\/div><a class=\"wp-block-latest-posts__post-title\" href=\"https:\/\/www.ucc.edu.ni\/boletininformativo\/destacadas\/concluye-la-semana-de-la-arquitectura-en-campus-leon\/\">Concluye la Semana de la Arquitectura en Campus Le\u00f3n<\/a><div class=\"wp-block-latest-posts__post-excerpt\">La Semana de la Arquitectura y la Ciudad, de la Universidad de Ciencias Comerciales (UCC), Campus Le\u00f3n, concluy\u00f3 exitosamente con&hellip; <\/div><\/li>\n<li><div class=\"wp-block-latest-posts__featured-image\"><img loading=\"lazy\" decoding=\"async\" width=\"150\" height=\"150\" src=\"https:\/\/www.ucc.edu.ni\/boletininformativo\/php_assets\/uploads\/2024\/10\/CONPEHT-150x150.jpeg\" class=\"attachment-thumbnail size-thumbnail wp-post-image\" alt=\"\" style=\"\" \/><\/div><a class=\"wp-block-latest-posts__post-title\" href=\"https:\/\/www.ucc.edu.ni\/boletininformativo\/octubre-2024\/delegacion-de-ucc-destaca-en-el-congreso-de-conpeht\/\">Delegaci\u00f3n de UCC destaca en el Congreso de CONPEHT<\/a><div class=\"wp-block-latest-posts__post-excerpt\">La delegaci\u00f3n de la Universidad de Ciencias Comerciales (UCC), calific\u00f3 su participaci\u00f3n en el XXXIII Congreso de la Confederaci\u00f3n Panamericana&hellip; <\/div><\/li>\n<li><div class=\"wp-block-latest-posts__featured-image\"><img loading=\"lazy\" decoding=\"async\" width=\"150\" height=\"150\" src=\"https:\/\/www.ucc.edu.ni\/boletininformativo\/php_assets\/uploads\/2024\/10\/CNU-150x150.jpeg\" class=\"attachment-thumbnail size-thumbnail wp-post-image\" alt=\"\" style=\"\" \/><\/div><a class=\"wp-block-latest-posts__post-title\" href=\"https:\/\/www.ucc.edu.ni\/boletininformativo\/octubre-2024\/reconocimiento-al-compromiso\/\">Reconocimiento al Compromiso<\/a><div class=\"wp-block-latest-posts__post-excerpt\">\u00b7&nbsp;&nbsp;&nbsp;&nbsp;&nbsp;&nbsp;&nbsp;&nbsp;&nbsp;CNU resalta liderazgo de UCC en la entrega de informes La Universidad de Ciencias Comerciales (UCC), fue reconocida por el&hellip; <\/div><\/li>\n<\/ul>","protected":false},"excerpt":{"rendered":"","protected":false},"author":1,"featured_media":0,"parent":0,"menu_order":0,"comment_status":"closed","ping_status":"closed","template":"","meta":{"footnotes":""},"class_list":["post-1664","page","type-page","status-publish","hentry"],"_links":{"self":[{"href":"https:\/\/www.ucc.edu.ni\/boletininformativo\/wp-json\/wp\/v2\/pages\/1664","targetHints":{"allow":["GET"]}}],"collection":[{"href":"https:\/\/www.ucc.edu.ni\/boletininformativo\/wp-json\/wp\/v2\/pages"}],"about":[{"href":"https:\/\/www.ucc.edu.ni\/boletininformativo\/wp-json\/wp\/v2\/types\/page"}],"author":[{"embeddable":true,"href":"https:\/\/www.ucc.edu.ni\/boletininformativo\/wp-json\/wp\/v2\/users\/1"}],"replies":[{"embeddable":true,"href":"https:\/\/www.ucc.edu.ni\/boletininformativo\/wp-json\/wp\/v2\/comments?post=1664"}],"version-history":[{"count":1,"href":"https:\/\/www.ucc.edu.ni\/boletininformativo\/wp-json\/wp\/v2\/pages\/1664\/revisions"}],"predecessor-version":[{"id":1665,"href":"https:\/\/www.ucc.edu.ni\/boletininformativo\/wp-json\/wp\/v2\/pages\/1664\/revisions\/1665"}],"wp:attachment":[{"href":"https:\/\/www.ucc.edu.ni\/boletininformativo\/wp-json\/wp\/v2\/media?parent=1664"}],"curies":[{"name":"wp","href":"https:\/\/api.w.org\/{rel}","templated":true}]}}